CRAN Package Check Results for Package MatchThem

Last updated on 2021-09-23 12:57:56 CEST.

Flavor Version Tinstall Tcheck Ttotal Status Flags
r-devel-linux-x86_64-debian-clang 1.0.1 11.19 98.83 110.02 OK
r-devel-linux-x86_64-debian-gcc 1.0.1 9.23 73.57 82.80 OK
r-devel-linux-x86_64-fedora-clang 1.0.1 141.11 OK
r-devel-linux-x86_64-fedora-gcc 1.0.1 127.93 OK
r-devel-windows-x86_64 1.0.1 13.00 90.00 103.00 OK
r-devel-windows-x86_64-gcc10-UCRT 1.0.1 ERROR
r-patched-linux-x86_64 1.0.1 10.64 93.05 103.69 OK
r-patched-solaris-x86 1.0.1 179.00 OK
r-release-linux-x86_64 1.0.1 9.99 93.68 103.67 OK
r-release-macos-arm64 1.0.1 OK
r-release-macos-x86_64 1.0.1 OK
r-release-windows-ix86+x86_64 1.0.1 27.00 118.00 145.00 OK
r-oldrel-macos-x86_64 1.0.1 OK
r-oldrel-windows-ix86+x86_64 1.0.1 21.00 86.00 107.00 OK

Check Details

Version: 1.0.1
Check: PDF version of manual
Result: WARN
    LaTeX errors when creating PDF version.
    This typically indicates Rd problems.
Flavor: r-devel-windows-x86_64-gcc10-UCRT

Version: 1.0.1
Check: PDF version of manual without hyperrefs or index
Result: ERROR
    Re-running with no redirection of stdout/stderr.
Flavor: r-devel-windows-x86_64-gcc10-UCRT