CRAN Package Check Results for Package Matrix.utils

Last updated on 2021-11-28 19:48:56 CET.

Flavor Version Tinstall Tcheck Ttotal Status Flags
r-devel-linux-x86_64-debian-clang 0.9.8 NOTE
r-devel-linux-x86_64-debian-gcc 0.9.8 6.19 53.79 59.98 NOTE
r-devel-linux-x86_64-fedora-clang 0.9.8 106.71 NOTE
r-devel-linux-x86_64-fedora-gcc 0.9.8 91.59 NOTE
r-devel-windows-x86_64-new-UL 0.9.8 14.00 113.00 127.00 NOTE
r-devel-windows-x86_64-new-TK 0.9.8 NOTE
r-devel-windows-x86_64-old 0.9.8 9.00 93.00 102.00 NOTE
r-patched-linux-x86_64 0.9.8 7.79 66.34 74.13 NOTE
r-patched-solaris-x86 0.9.8 144.50 NOTE
r-release-linux-x86_64 0.9.8 7.32 66.17 73.49 NOTE
r-release-macos-arm64 0.9.8 NOTE
r-release-macos-x86_64 0.9.8 NOTE
r-release-windows-ix86+x86_64 0.9.8 17.00 62.00 79.00 NOTE
r-oldrel-macos-x86_64 0.9.8 OK
r-oldrel-windows-ix86+x86_64 0.9.8 13.00 90.00 103.00 OK

Check Details

Version: 0.9.8
Check: LazyData
Result: NOTE
     'LazyData' is specified without a 'data' directory
Flavors: r-devel-linux-x86_64-debian-clang, r-devel-linux-x86_64-debian-gcc, r-devel-linux-x86_64-fedora-clang, r-devel-linux-x86_64-fedora-gcc, r-devel-windows-x86_64-new-UL, r-devel-windows-x86_64-new-TK, r-devel-windows-x86_64-old, r-patched-linux-x86_64, r-patched-solaris-x86, r-release-linux-x86_64, r-release-macos-arm64, r-release-macos-x86_64, r-release-windows-ix86+x86_64

Version: 0.9.8
Check: Rd cross-references
Result: NOTE
    Undeclared packages ‘dplyr’, ‘plyr’, ‘reshape2’, ‘reshape’ in Rd xrefs
Flavor: r-devel-linux-x86_64-fedora-clang