Last updated on 2023-11-29 04:01:04 CET.
Flavor | Version | Tinstall | Tcheck | Ttotal | Status | Flags |
---|---|---|---|---|---|---|
r-devel-linux-x86_64-debian-clang | 1.1.2 | 24.92 | 334.81 | 359.73 | NOTE | |
r-devel-linux-x86_64-debian-gcc | 1.1.2 | 21.40 | 252.91 | 274.31 | NOTE | |
r-devel-linux-x86_64-fedora-clang | 1.1.2 | 451.35 | OK | |||
r-devel-linux-x86_64-fedora-gcc | 1.1.2 | 445.07 | OK | |||
r-devel-windows-x86_64 | 1.1.2 | 20.00 | 267.00 | 287.00 | OK | |
r-patched-linux-x86_64 | 1.1.2 | 28.31 | 323.37 | 351.68 | OK | |
r-release-linux-x86_64 | 1.1.2 | 15.79 | 325.41 | 341.20 | OK | |
r-release-macos-arm64 | 1.1.2 | 146.00 | OK | |||
r-release-macos-x86_64 | 1.1.2 | 228.00 | OK | |||
r-release-windows-x86_64 | 1.1.2 | 30.00 | 332.00 | 362.00 | OK | |
r-oldrel-macos-arm64 | 1.1.2 | 133.00 | OK | |||
r-oldrel-macos-x86_64 | 1.1.2 | 203.00 | OK | |||
r-oldrel-windows-x86_64 | 1.1.2 | 31.00 | 334.00 | 365.00 | OK |
Version: 1.1.2
Check: Rd files
Result: NOTE
checkRd: (-1) Mercator-class.Rd:91-92: Lost braces
91 | \item{barplot{height, main = '', sub = NULL, border = NA, space =
| ^
checkRd: (-1) Mercator-class.Rd:109-112: Lost braces
109 | \item{hist:}{\code{signature(object = "Mercator")}}{
| ^
checkRd: (-1) Mercator-class.Rd:113-116: Lost braces
113 | \item{summary:}{\code{signature(object = "Mercator")}}{
| ^
checkRd: (-1) Mercator-class.Rd:117-119: Lost braces
117 | \item{dim:}{\code{signature(object = "Mercator")}}{
| ^
checkRd: (-1) Mercator-class.Rd:120-122: Lost braces
120 | \item{[:}{\code{signature(object = "Mercator")}}{
| ^
checkRd: (-1) threshLGF.Rd:21: Lost braces; missing escapes or markup?
21 | \item{object}{An object of class {BinaryMatrix}
| ^
Flavors: r-devel-linux-x86_64-debian-clang, r-devel-linux-x86_64-debian-gcc