CRAN Package Check Results for Package MetProc

Last updated on 2021-10-16 13:04:02 CEST.

Flavor Version Tinstall Tcheck Ttotal Status Flags
r-devel-linux-x86_64-debian-clang 1.0.1 2.79 37.04 39.83 NOTE
r-devel-linux-x86_64-debian-gcc 1.0.1 1.90 28.74 30.64 NOTE
r-devel-linux-x86_64-fedora-clang 1.0.1 59.37 NOTE
r-devel-linux-x86_64-fedora-gcc 1.0.1 52.18 NOTE
r-devel-windows-x86_64 1.0.1 3.00 48.00 51.00 OK
r-devel-windows-x86_64-gcc10-UCRT 1.0.1 OK
r-patched-linux-x86_64 1.0.1 3.16 36.26 39.42 NOTE
r-patched-solaris-x86 1.0.1 81.50 NOTE
r-release-linux-x86_64 1.0.1 2.13 35.79 37.92 NOTE
r-release-macos-arm64 1.0.1 OK
r-release-macos-x86_64 1.0.1 OK
r-release-windows-ix86+x86_64 1.0.1 6.00 59.00 65.00 OK
r-oldrel-macos-x86_64 1.0.1 OK
r-oldrel-windows-ix86+x86_64 1.0.1 7.00 62.00 69.00 OK

Check Details

Version: 1.0.1
Check: for non-standard things in the check directory
Result: NOTE
    Found the following files/directories:
     'MetProc_output.pdf' 'sample_removed.csv' 'sample_retained.csv'
Flavors: r-devel-linux-x86_64-debian-clang, r-devel-linux-x86_64-debian-gcc, r-devel-linux-x86_64-fedora-clang, r-devel-linux-x86_64-fedora-gcc, r-patched-linux-x86_64, r-patched-solaris-x86, r-release-linux-x86_64