CRAN Package Check Results for Package MetaIntegrator

Last updated on 2019-10-18 20:46:21 CEST.

Flavor Version Tinstall Tcheck Ttotal Status Flags
r-devel-linux-x86_64-debian-clang 2.1.1 11.66 139.17 150.83 OK
r-devel-linux-x86_64-debian-gcc 2.1.1 10.90 127.93 138.83 OK
r-devel-linux-x86_64-fedora-clang 2.1.1 176.18 NOTE
r-devel-linux-x86_64-fedora-gcc 2.1.1 163.51 NOTE
r-devel-windows-ix86+x86_64 2.1.1 40.00 203.00 243.00 OK
r-patched-linux-x86_64 2.1.1 11.54 136.45 147.99 OK
r-patched-solaris-x86 2.1.1 205.00 NOTE
r-release-linux-x86_64 2.1.1 12.05 134.36 146.41 OK
r-release-windows-ix86+x86_64 2.1.1 21.00 128.00 149.00 OK
r-release-osx-x86_64 2.1.1 WARN
r-oldrel-windows-ix86+x86_64 2.1.1 18.00 129.00 147.00 OK
r-oldrel-osx-x86_64 2.1.1 WARN

Check Details

Version: 2.1.1
Check: dependencies in R code
Result: NOTE
    Namespaces in Imports field not imported from:
     ‘BiocManager’ ‘DT’ ‘GEOmetadb’ ‘RMySQL’ ‘RSQLite’ ‘gplots’ ‘pheatmap’
     ‘readr’
     All declared Imports should be used.
Flavors: r-devel-linux-x86_64-fedora-clang, r-devel-linux-x86_64-fedora-gcc, r-patched-solaris-x86, r-release-osx-x86_64, r-oldrel-osx-x86_64

Version: 2.1.1
Check: package dependencies
Result: NOTE
    Package suggested but not available for checking: ‘BiocStyle’
Flavors: r-release-osx-x86_64, r-oldrel-osx-x86_64

Version: 2.1.1
Check: re-building of vignette outputs
Result: WARN
    Error(s) in re-building vignettes:
     ...
    --- re-building ‘MetaIntegrator.Rmd’ using rmarkdown
    Warning in engine$weave(file, quiet = quiet, encoding = enc) :
     Pandoc (>= 1.12.3) and/or pandoc-citeproc not available. Falling back to R Markdown v1.
    Quitting from lines 26-27 (MetaIntegrator.Rmd)
    Error: processing vignette 'MetaIntegrator.Rmd' failed with diagnostics:
    there is no package called 'BiocStyle'
    --- failed re-building ‘MetaIntegrator.Rmd’
    
    --- re-building ‘MetaIntegratorRealExample.Rmd’ using rmarkdown_notangle
    Warning in engine$weave(file, quiet = quiet, encoding = enc) :
     Pandoc (>= 1.12.3) and/or pandoc-citeproc not available. Falling back to R Markdown v1.
    --- finished re-building ‘MetaIntegratorRealExample.Rmd’
    
    SUMMARY: processing the following file failed:
     ‘MetaIntegrator.Rmd’
    
    Error: Vignette re-building failed.
    Execution halted
Flavor: r-release-osx-x86_64

Version: 2.1.1
Check: re-building of vignette outputs
Result: WARN
    Error in re-building vignettes:
     ...
    Warning in engine$weave(file, quiet = quiet, encoding = enc) :
     Pandoc (>= 1.12.3) and/or pandoc-citeproc not available. Falling back to R Markdown v1.
    Quitting from lines 26-27 (MetaIntegrator.Rmd)
    Error: processing vignette 'MetaIntegrator.Rmd' failed with diagnostics:
    there is no package called 'BiocStyle'
    Execution halted
Flavor: r-oldrel-osx-x86_64