Last updated on 2023-02-04 19:58:16 CET.
Flavor | Version | Tinstall | Tcheck | Ttotal | Status | Flags |
---|---|---|---|---|---|---|
r-devel-linux-x86_64-debian-clang | 1.0.0 | 426.38 | 176.20 | 602.58 | NOTE | |
r-devel-linux-x86_64-debian-gcc | 1.0.0 | 328.44 | 150.75 | 479.19 | NOTE | |
r-devel-linux-x86_64-fedora-clang | 1.0.0 | 730.38 | NOTE | |||
r-devel-linux-x86_64-fedora-gcc | 1.0.0 | 829.54 | NOTE | |||
r-devel-windows-x86_64 | 1.0.0 | 268.00 | 272.00 | 540.00 | NOTE | |
r-patched-linux-x86_64 | 1.0.0 | 304.13 | 186.48 | 490.61 | NOTE | |
r-release-linux-x86_64 | 1.0.0 | 328.40 | 188.04 | 516.44 | NOTE | |
r-release-macos-arm64 | 1.0.0 | 211.00 | NOTE | |||
r-release-macos-x86_64 | 1.0.0 | 346.00 | NOTE | |||
r-release-windows-x86_64 | 1.0.0 | 253.00 | 277.00 | 530.00 | NOTE | |
r-oldrel-macos-arm64 | 1.0.0 | 177.00 | NOTE | |||
r-oldrel-macos-x86_64 | 1.0.0 | 272.00 | NOTE | |||
r-oldrel-windows-ix86+x86_64 | 1.0.0 | 420.00 | 248.00 | 668.00 | NOTE |
Version: 1.0.0
Check: C++ specification
Result: NOTE
Specified C++14: please update to current default of C++17
Flavors: r-devel-linux-x86_64-debian-clang, r-devel-linux-x86_64-debian-gcc, r-devel-linux-x86_64-fedora-clang, r-devel-linux-x86_64-fedora-gcc, r-devel-windows-x86_64
Version: 1.0.0
Check: for GNU extensions in Makefiles
Result: NOTE
GNU make is a SystemRequirements.
Flavors: r-devel-linux-x86_64-debian-clang, r-devel-linux-x86_64-debian-gcc, r-devel-linux-x86_64-fedora-clang, r-devel-linux-x86_64-fedora-gcc, r-devel-windows-x86_64, r-patched-linux-x86_64, r-release-linux-x86_64, r-release-macos-arm64, r-release-macos-x86_64, r-release-windows-x86_64, r-oldrel-macos-arm64, r-oldrel-macos-x86_64, r-oldrel-windows-ix86+x86_64
Version: 1.0.0
Check: installed package size
Result: NOTE
installed size is 5.2Mb
sub-directories of 1Mb or more:
libs 4.7Mb
Flavors: r-devel-linux-x86_64-fedora-clang, r-release-macos-arm64, r-release-macos-x86_64, r-oldrel-macos-arm64, r-oldrel-macos-x86_64