CRAN Package Check Results for Package MetabolAnalyze

Last updated on 2021-09-21 04:55:19 CEST.

Flavor Version Tinstall Tcheck Ttotal Status Flags
r-devel-linux-x86_64-debian-clang 1.3.1 5.68 38.13 43.81 OK
r-devel-linux-x86_64-debian-gcc 1.3.1 3.93 29.64 33.57 OK
r-devel-linux-x86_64-fedora-clang 1.3.1 60.77 OK
r-devel-linux-x86_64-fedora-gcc 1.3.1 50.73 OK
r-devel-windows-x86_64 1.3.1 5.00 38.00 43.00 OK
r-devel-windows-x86_64-gcc10-UCRT 1.3.1 ERROR
r-patched-linux-x86_64 1.3.1 5.78 37.56 43.34 OK
r-patched-solaris-x86 1.3.1 70.10 OK
r-release-linux-x86_64 1.3.1 4.21 36.99 41.20 OK
r-release-macos-arm64 1.3.1 OK
r-release-macos-x86_64 1.3.1 OK
r-release-windows-ix86+x86_64 1.3.1 10.00 57.00 67.00 OK
r-oldrel-macos-x86_64 1.3.1 OK
r-oldrel-windows-ix86+x86_64 1.3.1 10.00 39.00 49.00 OK

Check Details

Version: 1.3.1
Check: whether package can be installed
Result: WARN
    Found the following significant warnings:
     WARNING: installation-time patches will not be applied, could not get the patches index
Flavor: r-devel-windows-x86_64-gcc10-UCRT

Version: 1.3.1
Check: PDF version of manual
Result: WARN
    LaTeX errors when creating PDF version.
    This typically indicates Rd problems.
Flavor: r-devel-windows-x86_64-gcc10-UCRT

Version: 1.3.1
Check: PDF version of manual without hyperrefs or index
Result: ERROR
    Re-running with no redirection of stdout/stderr.
Flavor: r-devel-windows-x86_64-gcc10-UCRT