Last updated on 2023-03-21 03:54:28 CET.
Flavor | Version | Tinstall | Tcheck | Ttotal | Status | Flags |
---|---|---|---|---|---|---|
r-devel-linux-x86_64-debian-clang | 1.0 | OK | ||||
r-devel-linux-x86_64-debian-gcc | 1.0 | 26.72 | 20.47 | 47.19 | OK | |
r-devel-linux-x86_64-fedora-clang | 1.0 | 87.45 | NOTE | |||
r-devel-linux-x86_64-fedora-gcc | 1.0 | 80.08 | NOTE | |||
r-devel-windows-x86_64 | 1.0 | 43.00 | 72.00 | 115.00 | OK | |
r-patched-linux-x86_64 | 1.0 | 26.04 | 26.61 | 52.65 | OK | |
r-release-linux-x86_64 | 1.0 | 26.82 | 26.12 | 52.94 | OK | |
r-release-macos-arm64 | 1.0 | 25.00 | OK | |||
r-release-macos-x86_64 | 1.0 | 31.00 | OK | |||
r-release-windows-x86_64 | 1.0 | 34.00 | 74.00 | 108.00 | OK | |
r-oldrel-macos-arm64 | 1.0 | 30.00 | OK | |||
r-oldrel-macos-x86_64 | 1.0 | 53.00 | OK | |||
r-oldrel-windows-ix86+x86_64 | 1.0 | 79.00 | 75.00 | 154.00 | OK |
Version: 1.0
Check: compiled code
Result: NOTE
File ‘MetaheuristicFPA/libs/MetaheuristicFPA.so’:
Found no calls to: ‘R_registerRoutines’, ‘R_useDynamicSymbols’
It is good practice to register native routines and to disable symbol
search.
See ‘Writing portable packages’ in the ‘Writing R Extensions’ manual.
Flavors: r-devel-linux-x86_64-fedora-clang, r-devel-linux-x86_64-fedora-gcc