CRAN Package Check Results for Package MicSim

Last updated on 2021-09-21 04:55:19 CEST.

Flavor Version Tinstall Tcheck Ttotal Status Flags
r-devel-linux-x86_64-debian-clang 1.0.15 2.85 28.32 31.17 NOTE
r-devel-linux-x86_64-debian-gcc 1.0.15 2.28 22.11 24.39 NOTE
r-devel-linux-x86_64-fedora-clang 1.0.15 47.50 NOTE
r-devel-linux-x86_64-fedora-gcc 1.0.15 36.37 NOTE
r-devel-windows-x86_64 1.0.15 4.00 32.00 36.00 NOTE
r-devel-windows-x86_64-gcc10-UCRT 1.0.15 ERROR
r-patched-linux-x86_64 1.0.15 3.05 28.17 31.22 NOTE
r-patched-solaris-x86 1.0.15 56.20 NOTE
r-release-linux-x86_64 1.0.15 2.69 27.95 30.64 NOTE
r-release-macos-arm64 1.0.15 NOTE
r-release-macos-x86_64 1.0.15 NOTE
r-release-windows-ix86+x86_64 1.0.15 7.00 44.00 51.00 NOTE
r-oldrel-macos-x86_64 1.0.15 OK
r-oldrel-windows-ix86+x86_64 1.0.15 7.00 34.00 41.00 OK

Check Details

Version: 1.0.15
Check: LazyData
Result: NOTE
     'LazyData' is specified without a 'data' directory
Flavors: r-devel-linux-x86_64-debian-clang, r-devel-linux-x86_64-debian-gcc, r-devel-linux-x86_64-fedora-clang, r-devel-linux-x86_64-fedora-gcc, r-devel-windows-x86_64, r-devel-windows-x86_64-gcc10-UCRT, r-patched-linux-x86_64, r-patched-solaris-x86, r-release-linux-x86_64, r-release-macos-arm64, r-release-macos-x86_64, r-release-windows-ix86+x86_64

Version: 1.0.15
Check: whether package can be installed
Result: WARN
    Found the following significant warnings:
     WARNING: installation-time patches will not be applied, could not get the patches index
Flavor: r-devel-windows-x86_64-gcc10-UCRT

Version: 1.0.15
Check: PDF version of manual
Result: WARN
    LaTeX errors when creating PDF version.
    This typically indicates Rd problems.
Flavor: r-devel-windows-x86_64-gcc10-UCRT

Version: 1.0.15
Check: PDF version of manual without hyperrefs or index
Result: ERROR
    Re-running with no redirection of stdout/stderr.
Flavor: r-devel-windows-x86_64-gcc10-UCRT