CRAN Package Check Results for Package MitoHEAR

Last updated on 2024-03-05 08:18:33 CET.

Flavor Version Tinstall Tcheck Ttotal Status Flags
r-devel-linux-x86_64-debian-clang 0.1.0 6.66 374.43 381.09 OK
r-devel-linux-x86_64-debian-gcc 0.1.0 4.82 293.65 298.47 OK
r-devel-linux-x86_64-fedora-clang 0.1.0 461.04 NOTE
r-devel-linux-x86_64-fedora-gcc 0.1.0 448.95 NOTE
r-devel-windows-x86_64 0.1.0 7.00 321.00 328.00 OK
r-patched-linux-x86_64 0.1.0 5.69 372.97 378.66 OK
r-release-linux-x86_64 0.1.0 5.58 370.57 376.15 OK
r-release-macos-arm64 0.1.0 166.00 NOTE
r-release-macos-x86_64 0.1.0 297.00 NOTE
r-release-windows-x86_64 0.1.0 9.00 332.00 341.00 OK
r-oldrel-macos-arm64 0.1.0 138.00 NOTE
r-oldrel-windows-x86_64 0.1.0 9.00 321.00 330.00 OK

Check Details

Version: 0.1.0
Check: package dependencies
Result: NOTE Packages suggested but not available for checking: 'karyoploteR', 'regioneR' Flavors: r-devel-linux-x86_64-fedora-clang, r-devel-linux-x86_64-fedora-gcc, r-release-macos-arm64, r-oldrel-macos-arm64

Version: 0.1.0
Check: package dependencies
Result: NOTE Packages suggested but not available for checking: 'clustree', 'karyoploteR', 'regioneR' Flavor: r-release-macos-x86_64