Last updated on 2023-10-01 01:53:22 CEST.
Flavor | Version | Tinstall | Tcheck | Ttotal | Status | Flags |
---|---|---|---|---|---|---|
r-devel-linux-x86_64-debian-clang | 1.6.64 | 60.92 | 179.13 | 240.05 | NOTE | |
r-devel-linux-x86_64-debian-gcc | 1.6.64 | 48.39 | 124.05 | 172.44 | NOTE | |
r-devel-linux-x86_64-fedora-clang | 1.6.64 | 314.20 | NOTE | |||
r-devel-linux-x86_64-fedora-gcc | 1.6.64 | 300.57 | NOTE | |||
r-devel-windows-x86_64 | 1.6.64 | 39.00 | 143.00 | 182.00 | NOTE | |
r-patched-linux-x86_64 | 1.6.64 | 55.30 | 170.49 | 225.79 | NOTE | |
r-release-linux-x86_64 | 1.6.64 | 51.02 | 175.40 | 226.42 | NOTE | |
r-release-macos-arm64 | 1.6.64 | 71.00 | NOTE | |||
r-release-macos-x86_64 | 1.6.64 | 135.00 | NOTE | |||
r-release-windows-x86_64 | 1.6.64 | 45.00 | 169.00 | 214.00 | NOTE | |
r-oldrel-macos-arm64 | 1.6.64 | 66.00 | NOTE | |||
r-oldrel-macos-x86_64 | 1.6.64 | 86.00 | NOTE | |||
r-oldrel-windows-x86_64 | 1.6.64 | 62.00 | 162.00 | 224.00 | NOTE |
Version: 1.6.64
Check: package dependencies
Result: NOTE
Package suggested but not available for checking: ‘alstructure’
Packages which this enhances but not available for checking:
'miraculix', 'RandomFieldsUtils', 'MoBPSmaps'
Flavors: r-devel-linux-x86_64-debian-clang, r-devel-linux-x86_64-debian-gcc, r-devel-linux-x86_64-fedora-clang, r-devel-linux-x86_64-fedora-gcc, r-devel-windows-x86_64, r-patched-linux-x86_64, r-release-linux-x86_64, r-release-windows-x86_64, r-oldrel-windows-x86_64
Version: 1.6.64
Check: package dependencies
Result: NOTE
Packages suggested but not available for checking: 'doMPI', 'alstructure'
Packages which this enhances but not available for checking:
'miraculix', 'RandomFieldsUtils', 'MoBPSmaps'
Flavors: r-release-macos-arm64, r-release-macos-x86_64
Version: 1.6.64
Check: package dependencies
Result: NOTE
Packages suggested but not available for checking: 'doMPI', 'alstructure'
Package which this enhances but not available for checking: ‘MoBPSmaps’
Flavor: r-oldrel-macos-arm64
Version: 1.6.64
Check: package dependencies
Result: NOTE
Packages suggested but not available for checking: 'doMPI', 'alstructure'
Packages which this enhances but not available for checking:
'miraculix', 'MoBPSmaps'
Flavor: r-oldrel-macos-x86_64