CRAN Package Check Results for Package Morpho

Last updated on 2021-12-04 15:51:22 CET.

Flavor Version Tinstall Tcheck Ttotal Status Flags
r-devel-linux-x86_64-debian-clang 2.9 252.38 169.55 421.93 ERROR
r-devel-linux-x86_64-debian-gcc 2.9 182.15 128.70 310.85 ERROR
r-devel-linux-x86_64-fedora-clang 2.9 673.74 ERROR
r-devel-linux-x86_64-fedora-gcc 2.9 586.87 ERROR
r-devel-windows-x86_64-new-UL 2.9 329.00 284.00 613.00 NOTE
r-devel-windows-x86_64-new-TK 2.9 OK
r-devel-windows-x86_64-old 2.9 332.00 181.00 513.00 NOTE
r-patched-linux-x86_64 2.9 235.66 179.53 415.19 OK
r-release-linux-x86_64 2.9 234.02 179.11 413.13 OK
r-release-macos-arm64 2.9 NOTE
r-release-macos-x86_64 2.9 NOTE
r-release-windows-ix86+x86_64 2.9 628.00 345.00 973.00 NOTE
r-oldrel-macos-x86_64 2.9 NOTE
r-oldrel-windows-ix86+x86_64 2.9 634.00 351.00 985.00 NOTE

Check Details

Version: 2.9
Check: examples
Result: ERROR
    Running examples in 'Morpho-Ex.R' failed
    The error most likely occurred in:
    
    > base::assign(".ptime", proc.time(), pos = "CheckExEnv")
    > ### Name: getOuterViewpoints
    > ### Title: Get viewpoints on a sphere around a 3D mesh
    > ### Aliases: getOuterViewpoints
    >
    > ### ** Examples
    >
    > data(boneData)
    > vp <- getOuterViewpoints(skull_0144_ch_fe.mesh,n=100)
    Error in vcgKmeans(mesh, k = SampleNum, iter.max = iter.max, threads = threads) :
     number of centers exceeds sample size
    Calls: getOuterViewpoints -> vcgSample -> vcgKmeans
    Execution halted
Flavors: r-devel-linux-x86_64-debian-clang, r-devel-linux-x86_64-debian-gcc

Version: 2.9
Check: installed package size
Result: NOTE
     installed size is 11.5Mb
     sub-directories of 1Mb or more:
     data 2.0Mb
     libs 7.8Mb
Flavors: r-devel-linux-x86_64-fedora-clang, r-devel-windows-x86_64-new-UL, r-devel-windows-x86_64-old, r-release-macos-arm64, r-release-macos-x86_64, r-release-windows-ix86+x86_64, r-oldrel-macos-x86_64, r-oldrel-windows-ix86+x86_64

Version: 2.9
Check: examples
Result: ERROR
    Running examples in ‘Morpho-Ex.R’ failed
    The error most likely occurred in:
    
    > ### Name: getOuterViewpoints
    > ### Title: Get viewpoints on a sphere around a 3D mesh
    > ### Aliases: getOuterViewpoints
    >
    > ### ** Examples
    >
    > data(boneData)
    > vp <- getOuterViewpoints(skull_0144_ch_fe.mesh,n=100)
    Error in vcgKmeans(mesh, k = SampleNum, iter.max = iter.max, threads = threads) :
     number of centers exceeds sample size
    Calls: getOuterViewpoints -> vcgSample -> vcgKmeans
    Execution halted
Flavors: r-devel-linux-x86_64-fedora-clang, r-devel-linux-x86_64-fedora-gcc