CRAN Package Check Results for Package MplusAutomation

Last updated on 2022-12-04 03:54:09 CET.

Flavor Version Tinstall Tcheck Ttotal Status Flags
r-devel-linux-x86_64-debian-clang 1.1.0 46.76 158.46 205.22 OK
r-devel-linux-x86_64-debian-gcc 1.1.0 36.51 117.38 153.89 OK
r-devel-linux-x86_64-fedora-clang 1.1.0 271.06 OK
r-devel-linux-x86_64-fedora-gcc 1.1.0 259.00 OK
r-devel-windows-x86_64 1.1.0 288.00 210.00 498.00 OK
r-patched-linux-x86_64 1.1.0 46.53 140.80 187.33 OK
r-release-linux-x86_64 1.1.0 47.57 143.98 191.55 OK
r-release-macos-arm64 1.1.0 54.00 NOTE
r-release-macos-x86_64 1.1.0 86.00 OK
r-release-windows-x86_64 1.1.0 289.00 196.00 485.00 OK
r-oldrel-macos-arm64 1.1.0 52.00 OK
r-oldrel-macos-x86_64 1.1.0 84.00 OK
r-oldrel-windows-ix86+x86_64 1.1.0 76.00 189.00 265.00 OK

Check Details

Version: 1.1.0
Check: package dependencies
Result: NOTE
    Package suggested but not available for checking: ‘rhdf5’
Flavor: r-release-macos-arm64