CRAN Package Check Results for Package MultiBD

Last updated on 2023-03-31 16:53:54 CEST.

Flavor Version Tinstall Tcheck Ttotal Status Flags
r-devel-linux-x86_64-debian-clang 0.2.0 109.10 149.28 258.38 NOTE
r-devel-linux-x86_64-debian-gcc 0.2.0 82.02 109.55 191.57 NOTE
r-devel-linux-x86_64-fedora-clang 0.2.0 353.91 NOTE
r-devel-linux-x86_64-fedora-gcc 0.2.0 366.61 NOTE
r-devel-windows-x86_64 0.2.0 98.00 201.00 299.00 NOTE
r-patched-linux-x86_64 0.2.0 85.25 159.26 244.51 NOTE
r-release-linux-x86_64 0.2.0 89.39 159.11 248.50 OK
r-release-macos-arm64 0.2.0 71.00 NOTE
r-release-macos-x86_64 0.2.0 96.00 NOTE
r-release-windows-x86_64 0.2.0 101.00 199.00 300.00 OK
r-oldrel-macos-arm64 0.2.0 102.00 NOTE
r-oldrel-macos-x86_64 0.2.0 155.00 NOTE
r-oldrel-windows-ix86+x86_64 0.2.0 272.00 183.00 455.00 OK

Check Details

Version: 0.2.0
Check: C++ specification
Result: NOTE
     Specified C++11: please drop specification unless essential
Flavors: r-devel-linux-x86_64-debian-clang, r-devel-linux-x86_64-debian-gcc, r-devel-linux-x86_64-fedora-clang, r-devel-linux-x86_64-fedora-gcc, r-devel-windows-x86_64, r-patched-linux-x86_64

Version: 0.2.0
Check: compiled code
Result: NOTE
    File ‘MultiBD/libs/MultiBD.so’:
     Found no calls to: ‘R_registerRoutines’, ‘R_useDynamicSymbols’
    
    It is good practice to register native routines and to disable symbol
    search.
    
    See ‘Writing portable packages’ in the ‘Writing R Extensions’ manual.
Flavors: r-devel-linux-x86_64-fedora-clang, r-devel-linux-x86_64-fedora-gcc

Version: 0.2.0
Check: installed package size
Result: NOTE
     installed size is 6.4Mb
     sub-directories of 1Mb or more:
     libs 4.8Mb
Flavors: r-release-macos-arm64, r-release-macos-x86_64, r-oldrel-macos-arm64, r-oldrel-macos-x86_64