CRAN Package Check Results for Package MultiVarSel

Last updated on 2023-09-30 01:50:02 CEST.

Flavor Version Tinstall Tcheck Ttotal Status Flags
r-devel-linux-x86_64-debian-clang 1.1.3 7.99 82.62 90.61 OK
r-devel-linux-x86_64-debian-gcc 1.1.3 7.06 62.05 69.11 OK
r-devel-linux-x86_64-fedora-clang 1.1.3 108.16 NOTE
r-devel-linux-x86_64-fedora-gcc 1.1.3 128.23 NOTE
r-devel-windows-x86_64 1.1.3 9.00 80.00 89.00 OK
r-patched-linux-x86_64 1.1.3 8.11 79.32 87.43 OK
r-release-linux-x86_64 1.1.3 9.56 78.17 87.73 OK
r-release-macos-arm64 1.1.3 43.00 OK
r-release-macos-x86_64 1.1.3 63.00 OK
r-release-windows-x86_64 1.1.3 11.00 90.00 101.00 OK
r-oldrel-macos-arm64 1.1.3 31.00 NOTE
r-oldrel-macos-x86_64 1.1.3 47.00 NOTE
r-oldrel-windows-x86_64 1.1.3 11.00 94.00 105.00 OK

Check Details

Version: 1.1.3
Check: data for non-ASCII characters
Result: NOTE
     Note: found 6 marked UTF-8 strings
Flavors: r-devel-linux-x86_64-fedora-clang, r-devel-linux-x86_64-fedora-gcc, r-oldrel-macos-arm64, r-oldrel-macos-x86_64