CRAN Package Check Results for Package My.stepwise

Last updated on 2024-04-14 12:52:09 CEST.

Flavor Version Tinstall Tcheck Ttotal Status Flags
r-devel-linux-x86_64-debian-clang 0.1.0 8.19 67.33 75.52 NOTE
r-devel-linux-x86_64-debian-gcc 0.1.0 6.48 50.57 57.05 NOTE
r-devel-linux-x86_64-fedora-clang 0.1.0 91.82 NOTE
r-devel-linux-x86_64-fedora-gcc 0.1.0 93.30 NOTE
r-devel-windows-x86_64 0.1.0 9.00 71.00 80.00 NOTE
r-patched-linux-x86_64 0.1.0 5.17 64.83 70.00 NOTE
r-release-linux-x86_64 0.1.0 7.29 64.63 71.92 NOTE
r-release-macos-arm64 0.1.0 34.00 NOTE
r-release-macos-x86_64 0.1.0 49.00 NOTE
r-release-windows-x86_64 0.1.0 10.00 70.00 80.00 NOTE
r-oldrel-macos-arm64 0.1.0 31.00 NOTE
r-oldrel-windows-x86_64 0.1.0 10.00 79.00 89.00 NOTE

Check Details

Version: 0.1.0
Check: LazyData
Result: NOTE 'LazyData' is specified without a 'data' directory Flavors: r-devel-linux-x86_64-debian-clang, r-devel-linux-x86_64-debian-gcc, r-devel-linux-x86_64-fedora-clang, r-devel-linux-x86_64-fedora-gcc, r-devel-windows-x86_64, r-patched-linux-x86_64, r-release-linux-x86_64, r-release-macos-arm64, r-release-macos-x86_64, r-release-windows-x86_64, r-oldrel-macos-arm64, r-oldrel-windows-x86_64