Last updated on 2023-03-31 16:53:54 CEST.
Flavor | Version | Tinstall | Tcheck | Ttotal | Status | Flags |
---|---|---|---|---|---|---|
r-devel-linux-x86_64-debian-clang | 0.1.0 | 33.13 | 76.66 | 109.79 | OK | |
r-devel-linux-x86_64-debian-gcc | 0.1.0 | 25.66 | 58.92 | 84.58 | OK | |
r-devel-linux-x86_64-fedora-clang | 0.1.0 | 143.33 | NOTE | |||
r-devel-linux-x86_64-fedora-gcc | 0.1.0 | 154.89 | NOTE | |||
r-devel-windows-x86_64 | 0.1.0 | 46.00 | 141.00 | 187.00 | OK | |
r-patched-linux-x86_64 | 0.1.0 | 24.66 | 74.10 | 98.76 | OK | |
r-release-linux-x86_64 | 0.1.0 | 28.78 | 76.70 | 105.48 | OK | |
r-release-macos-arm64 | 0.1.0 | 39.00 | NOTE | |||
r-release-macos-x86_64 | 0.1.0 | 70.00 | NOTE | |||
r-release-windows-x86_64 | 0.1.0 | 32.00 | 143.00 | 175.00 | OK | |
r-oldrel-macos-arm64 | 0.1.0 | 48.00 | NOTE | |||
r-oldrel-macos-x86_64 | 0.1.0 | 65.00 | NOTE | |||
r-oldrel-windows-ix86+x86_64 | 0.1.0 | 79.00 | 166.00 | 245.00 | OK |
Version: 0.1.0
Check: dependencies in R code
Result: NOTE
Namespaces in Imports field not imported from:
‘MASS’ ‘fields’ ‘mvtnorm’
All declared Imports should be used.
Flavors: r-devel-linux-x86_64-fedora-clang, r-devel-linux-x86_64-fedora-gcc, r-release-macos-arm64, r-release-macos-x86_64, r-oldrel-macos-arm64, r-oldrel-macos-x86_64
Version: 0.1.0
Check: installed package size
Result: NOTE
installed size is 6.6Mb
sub-directories of 1Mb or more:
data 1.5Mb
libs 4.2Mb
Flavors: r-release-macos-arm64, r-release-macos-x86_64, r-oldrel-macos-arm64, r-oldrel-macos-x86_64