CRAN Package Check Results for Package NHMM

Last updated on 2022-01-18 07:52:32 CET.

Flavor Version Tinstall Tcheck Ttotal Status Flags
r-devel-linux-x86_64-debian-clang 3.11 239.86 152.67 392.53 OK
r-devel-linux-x86_64-debian-gcc 3.11 174.43 125.01 299.44 OK
r-devel-linux-x86_64-fedora-clang 3.11 588.23 NOTE
r-devel-linux-x86_64-fedora-gcc 3.11 515.34 OK
r-devel-windows-x86_64-new-UL 3.11 194.00 174.00 368.00 OK
r-devel-windows-x86_64-new-TK 3.11 OK
r-patched-linux-x86_64 3.11 204.86 145.10 349.96 OK
r-release-linux-x86_64 3.11 OK
r-release-macos-arm64 3.11 OK
r-release-macos-x86_64 3.11 OK
r-release-windows-ix86+x86_64 3.11 566.00 240.00 806.00 OK
r-oldrel-macos-x86_64 3.11 OK
r-oldrel-windows-ix86+x86_64 3.11 571.00 240.00 811.00 OK

Check Details

Version: 3.11
Check: installed package size
Result: NOTE
     installed size is 5.8Mb
     sub-directories of 1Mb or more:
     libs 4.8Mb
Flavor: r-devel-linux-x86_64-fedora-clang