CRAN Package Check Results for Package NPflow

Last updated on 2021-09-26 04:50:39 CEST.

Flavor Version Tinstall Tcheck Ttotal Status Flags
r-devel-linux-x86_64-debian-clang 0.13.3 294.54 130.69 425.23 OK
r-devel-linux-x86_64-debian-gcc 0.13.3 187.61 93.45 281.06 OK
r-devel-linux-x86_64-fedora-clang 0.13.3 584.21 NOTE
r-devel-linux-x86_64-fedora-gcc 0.13.3 518.36 OK
r-devel-windows-x86_64 0.13.3 267.00 129.00 396.00 OK
r-devel-windows-x86_64-gcc10-UCRT 0.13.3 OK
r-patched-linux-x86_64 0.13.3 231.96 119.78 351.74 OK
r-patched-solaris-x86 0.13.3 467.30 OK
r-release-linux-x86_64 0.13.3 229.23 118.19 347.42 OK
r-release-macos-arm64 0.13.3 NOTE
r-release-macos-x86_64 0.13.3 NOTE
r-release-windows-ix86+x86_64 0.13.3 658.00 237.00 895.00 OK
r-oldrel-macos-x86_64 0.13.3 NOTE
r-oldrel-windows-ix86+x86_64 0.13.3 486.00 191.00 677.00 OK

Check Details

Version: 0.13.3
Check: installed package size
Result: NOTE
     installed size is 8.0Mb
     sub-directories of 1Mb or more:
     libs 7.3Mb
Flavors: r-devel-linux-x86_64-fedora-clang, r-release-macos-arm64, r-release-macos-x86_64, r-oldrel-macos-x86_64