CRAN Package Check Results for Package NTS

Last updated on 2021-12-01 03:55:35 CET.

Flavor Version Tinstall Tcheck Ttotal Status Flags
r-devel-linux-x86_64-debian-clang 1.1.2 12.02 89.41 101.43 NOTE
r-devel-linux-x86_64-debian-gcc 1.1.2 9.52 71.95 81.47 NOTE
r-devel-linux-x86_64-fedora-clang 1.1.2 129.90 NOTE
r-devel-linux-x86_64-fedora-gcc 1.1.2 120.40 NOTE
r-devel-windows-x86_64-new-UL 1.1.2 21.00 122.00 143.00 NOTE
r-devel-windows-x86_64-new-TK 1.1.2 NOTE
r-devel-windows-x86_64-old 1.1.2 17.00 84.00 101.00 NOTE
r-patched-linux-x86_64 1.1.2 9.57 85.98 95.55 NOTE
r-patched-solaris-x86 1.1.2 185.80 NOTE
r-release-linux-x86_64 1.1.2 9.45 85.02 94.47 NOTE
r-release-macos-arm64 1.1.2 NOTE
r-release-macos-x86_64 1.1.2 NOTE
r-release-windows-ix86+x86_64 1.1.2 18.00 78.00 96.00 NOTE
r-oldrel-macos-x86_64 1.1.2 NOTE
r-oldrel-windows-ix86+x86_64 1.1.2 13.00 96.00 109.00 OK

Check Details

Version: 1.1.2
Check: LazyData
Result: NOTE
     'LazyData' is specified without a 'data' directory
Flavors: r-devel-linux-x86_64-debian-clang, r-devel-linux-x86_64-debian-gcc, r-devel-linux-x86_64-fedora-clang, r-devel-linux-x86_64-fedora-gcc, r-devel-windows-x86_64-new-UL, r-devel-windows-x86_64-new-TK, r-devel-windows-x86_64-old, r-patched-linux-x86_64, r-patched-solaris-x86, r-release-linux-x86_64, r-release-macos-arm64, r-release-macos-x86_64, r-release-windows-ix86+x86_64

Version: 1.1.2
Check: dependencies in R code
Result: NOTE
    Namespaces in Imports field not imported from:
     ‘MASS’ ‘Rdpack’ ‘base’ ‘graphics’ ‘parallel’
     All declared Imports should be used.
Flavors: r-devel-linux-x86_64-fedora-clang, r-devel-linux-x86_64-fedora-gcc, r-devel-windows-x86_64-new-TK, r-patched-solaris-x86, r-release-macos-arm64, r-release-macos-x86_64, r-oldrel-macos-x86_64