CRAN Package Check Results for Package NbClust

Last updated on 2021-09-23 12:57:59 CEST.

Flavor Version Tinstall Tcheck Ttotal Status Flags
r-devel-linux-x86_64-debian-clang 3.0 4.74 38.91 43.65 NOTE
r-devel-linux-x86_64-debian-gcc 3.0 5.04 28.96 34.00 NOTE
r-devel-linux-x86_64-fedora-clang 3.0 62.41 NOTE
r-devel-linux-x86_64-fedora-gcc 3.0 51.37 NOTE
r-devel-windows-x86_64 3.0 8.00 37.00 45.00 NOTE
r-devel-windows-x86_64-gcc10-UCRT 3.0 ERROR
r-patched-linux-x86_64 3.0 5.67 37.13 42.80 NOTE
r-patched-solaris-x86 3.0 68.10 NOTE
r-release-linux-x86_64 3.0 6.00 36.58 42.58 NOTE
r-release-macos-arm64 3.0 NOTE
r-release-macos-x86_64 3.0 NOTE
r-release-windows-ix86+x86_64 3.0 11.00 49.00 60.00 NOTE
r-oldrel-macos-x86_64 3.0 NOTE
r-oldrel-windows-ix86+x86_64 3.0 10.00 48.00 58.00 NOTE

Check Details

Version: 3.0
Check: R code for possible problems
Result: NOTE
    NbClust: no visible global function definition for 'na.omit'
    NbClust: no visible global function definition for 'dist'
    NbClust: no visible global function definition for 'hclust'
    NbClust : Dis: no visible global function definition for 'dist'
    NbClust : Index.Hubert: no visible global function definition for
     'dist'
    NbClust : Index.Hubert: no visible global function definition for 'var'
    NbClust : Index.sPlussMoins: no visible global function definition for
     'as.dist'
    NbClust : Index.sPlussMoins: no visible global function definition for
     'median'
    NbClust : Index.15and28: no visible global function definition for
     'as.dist'
    NbClust : Indice.ptbiserial : biserial.cor: no visible global function
     definition for 'complete.cases'
    NbClust : Indice.ptbiserial : biserial.cor: no visible global function
     definition for 'sd'
    NbClust : Indices.WBT: no visible global function definition for 'cov'
    NbClust : Indice.DB: no visible global function definition for 'dist'
    NbClust : Indice.Gap : GAP : simgap: no visible global function
     definition for 'runif'
    NbClust : Indice.Gap : GAP: no visible global function definition for
     'kmeans'
    NbClust : Indice.Gap : GAP: no visible global function definition for
     'cutree'
    NbClust : Indice.Gap : GAP: no visible global function definition for
     'hclust'
    NbClust : Indice.Gap : GAP: no visible global function definition for
     'dist'
    NbClust : Indice.Gap : GAP: no visible global function definition for
     'var'
    NbClust: no visible global function definition for 'cutree'
    NbClust: no visible global function definition for 'kmeans'
    NbClust: no visible global function definition for 'pf'
    NbClust: no visible global function definition for 'par'
    Undefined global functions or variables:
     as.dist complete.cases cov cutree dist hclust kmeans median na.omit
     par pf runif sd var
    Consider adding
     importFrom("graphics", "par")
     importFrom("stats", "as.dist", "complete.cases", "cov", "cutree",
     "dist", "hclust", "kmeans", "median", "na.omit", "pf",
     "runif", "sd", "var")
    to your NAMESPACE file.
Flavors: r-devel-linux-x86_64-debian-clang, r-devel-linux-x86_64-debian-gcc, r-devel-linux-x86_64-fedora-clang, r-devel-linux-x86_64-fedora-gcc, r-devel-windows-x86_64, r-devel-windows-x86_64-gcc10-UCRT, r-patched-linux-x86_64, r-patched-solaris-x86, r-release-linux-x86_64, r-release-macos-arm64, r-release-macos-x86_64, r-release-windows-ix86+x86_64, r-oldrel-macos-x86_64, r-oldrel-windows-ix86+x86_64

Version: 3.0
Check: PDF version of manual
Result: WARN
    LaTeX errors when creating PDF version.
    This typically indicates Rd problems.
Flavor: r-devel-windows-x86_64-gcc10-UCRT

Version: 3.0
Check: PDF version of manual without hyperrefs or index
Result: ERROR
    Re-running with no redirection of stdout/stderr.
Flavor: r-devel-windows-x86_64-gcc10-UCRT