Last updated on 2023-03-27 20:52:21 CEST.
Flavor | Version | Tinstall | Tcheck | Ttotal | Status | Flags |
---|---|---|---|---|---|---|
r-devel-linux-x86_64-debian-clang | 1.2.1 | 163.86 | 54.54 | 218.40 | NOTE | |
r-devel-linux-x86_64-debian-gcc | 1.2.1 | 120.91 | 40.85 | 161.76 | NOTE | |
r-devel-linux-x86_64-fedora-clang | 1.2.1 | 351.72 | NOTE | |||
r-devel-linux-x86_64-fedora-gcc | 1.2.1 | 294.06 | NOTE | |||
r-patched-linux-x86_64 | 1.2.1 | 132.95 | 51.23 | 184.18 | NOTE | |
r-release-linux-x86_64 | 1.2.1 | 135.12 | 52.60 | 187.72 | NOTE | |
r-release-macos-arm64 | 1.2.1 | 72.00 | NOTE | |||
r-release-macos-x86_64 | 1.2.1 | 132.00 | NOTE | |||
r-release-windows-x86_64 | 1.2.1 | 267.00 | 110.00 | 377.00 | NOTE | |
r-oldrel-macos-arm64 | 1.2.1 | 89.00 | NOTE | |||
r-oldrel-macos-x86_64 | 1.2.1 | 153.00 | NOTE | |||
r-oldrel-windows-ix86+x86_64 | 1.2.1 | 386.00 | 116.00 | 502.00 | WARN |
Version: 1.2.1
Check: C++ specification
Result: NOTE
Specified C++11: please drop specification unless essential
Flavors: r-devel-linux-x86_64-debian-clang, r-devel-linux-x86_64-debian-gcc, r-devel-linux-x86_64-fedora-clang, r-devel-linux-x86_64-fedora-gcc, r-patched-linux-x86_64
Version: 1.2.1
Check: LazyData
Result: NOTE
'LazyData' is specified without a 'data' directory
Flavors: r-devel-linux-x86_64-debian-clang, r-devel-linux-x86_64-debian-gcc, r-devel-linux-x86_64-fedora-clang, r-devel-linux-x86_64-fedora-gcc, r-patched-linux-x86_64, r-release-linux-x86_64, r-release-macos-arm64, r-release-macos-x86_64, r-release-windows-x86_64, r-oldrel-macos-arm64, r-oldrel-macos-x86_64, r-oldrel-windows-ix86+x86_64
Version: 1.2.1
Check: for GNU extensions in Makefiles
Result: NOTE
GNU make is a SystemRequirements.
Flavors: r-devel-linux-x86_64-debian-clang, r-devel-linux-x86_64-debian-gcc, r-devel-linux-x86_64-fedora-clang, r-devel-linux-x86_64-fedora-gcc, r-patched-linux-x86_64, r-release-linux-x86_64, r-release-macos-arm64, r-release-macos-x86_64, r-release-windows-x86_64, r-oldrel-macos-arm64, r-oldrel-macos-x86_64, r-oldrel-windows-ix86+x86_64
Version: 1.2.1
Check: installed package size
Result: NOTE
installed size is 5.6Mb
sub-directories of 1Mb or more:
libs 4.9Mb
Flavor: r-oldrel-macos-arm64
Version: 1.2.1
Check: whether package can be installed
Result: WARN
Found the following significant warnings:
generateData.cpp:105:18: warning: passing NULL to non-pointer argument 1 of 'Rcpp::Vector<RTYPE, StoragePolicy>::Vector(const int&) [with int RTYPE = 19; StoragePolicy = Rcpp::PreserveStorage]' [-Wconversion-null]
Flavor: r-oldrel-windows-ix86+x86_64