CRAN Package Check Results for Package NeuralNetTools

Last updated on 2024-06-12 20:59:05 CEST.

Flavor Version Tinstall Tcheck Ttotal Status Flags
r-devel-linux-x86_64-debian-clang 1.5.3 5.64 76.48 82.12 OK
r-devel-linux-x86_64-debian-gcc 1.5.3 0.32 1.84 2.16 ERROR
r-devel-linux-x86_64-fedora-clang 1.5.3 106.65 OK
r-devel-linux-x86_64-fedora-gcc 1.5.3 110.07 OK
r-devel-windows-x86_64 1.5.3 8.00 75.00 83.00 OK
r-patched-linux-x86_64 1.5.3 7.69 72.34 80.03 OK
r-release-linux-x86_64 1.5.3 4.85 73.45 78.30 OK
r-release-macos-arm64 1.5.3 53.00 OK
r-release-macos-x86_64 1.5.3 67.00 OK
r-release-windows-x86_64 1.5.3 9.00 75.00 84.00 OK
r-oldrel-macos-arm64 1.5.3 42.00 OK
r-oldrel-macos-x86_64 1.5.3 58.00 OK
r-oldrel-windows-x86_64 1.5.3 10.00 85.00 95.00 OK

Check Details

Version: 1.5.3
Check: package dependencies
Result: ERROR Packages required but not available: 'ggplot2', 'reshape2', 'tidyr' Package suggested but not available for checking: ‘caret’ See section ‘The DESCRIPTION file’ in the ‘Writing R Extensions’ manual. Flavor: r-devel-linux-x86_64-debian-gcc