CRAN Package Check Results for Package OECD

Last updated on 2021-09-19 04:53:15 CEST.

Flavor Version Tinstall Tcheck Ttotal Status Flags
r-devel-linux-x86_64-debian-clang 0.2.4 2.12 34.98 37.10 OK
r-devel-linux-x86_64-debian-gcc 0.2.4 1.64 26.92 28.56 OK
r-devel-linux-x86_64-fedora-clang 0.2.4 53.89 OK
r-devel-linux-x86_64-fedora-gcc 0.2.4 41.51 OK
r-devel-windows-x86_64 0.2.4 4.00 55.00 59.00 OK
r-devel-windows-x86_64-gcc10-UCRT 0.2.4 ERROR
r-patched-linux-x86_64 0.2.4 2.06 25.01 27.07 OK
r-patched-solaris-x86 0.2.4 62.80 OK
r-release-linux-x86_64 0.2.4 1.91 25.60 27.51 OK
r-release-macos-arm64 0.2.4 OK
r-release-macos-x86_64 0.2.4 OK
r-release-windows-ix86+x86_64 0.2.4 5.00 42.00 47.00 OK
r-oldrel-macos-x86_64 0.2.4 OK
r-oldrel-windows-ix86+x86_64 0.2.4 5.00 49.00 54.00 OK

Check Details

Version: 0.2.4
Check: package dependencies
Result: ERROR
    Package required but not available: 'rsdmx'
    
    See section 'The DESCRIPTION file' in the 'Writing R Extensions'
    manual.
Flavor: r-devel-windows-x86_64-gcc10-UCRT