CRAN Package Check Results for Package OGI

Last updated on 2022-05-22 09:52:23 CEST.

Flavor Version Tinstall Tcheck Ttotal Status Flags
r-devel-linux-x86_64-debian-clang 1.0.0 2.23 32.57 34.80 NOTE
r-devel-linux-x86_64-debian-gcc 1.0.0 1.61 25.63 27.24 NOTE
r-devel-linux-x86_64-fedora-clang 1.0.0 42.58 NOTE
r-devel-linux-x86_64-fedora-gcc 1.0.0 42.60 NOTE
r-devel-windows-x86_64 1.0.0 13.00 50.00 63.00 NOTE
r-patched-linux-x86_64 1.0.0 2.19 31.34 33.53 NOTE
r-release-linux-x86_64 1.0.0 1.59 31.04 32.63 NOTE
r-release-macos-arm64 1.0.0 16.00 NOTE
r-release-macos-x86_64 1.0.0 21.00 NOTE
r-release-windows-x86_64 1.0.0 12.00 48.00 60.00 NOTE
r-oldrel-macos-arm64 1.0.0 19.00 NOTE
r-oldrel-macos-x86_64 1.0.0 23.00 NOTE
r-oldrel-windows-ix86+x86_64 1.0.0 5.00 42.00 47.00 NOTE

Check Details

Version: 1.0.0
Check: LazyData
Result: NOTE
     'LazyData' is specified without a 'data' directory
Flavors: r-devel-linux-x86_64-debian-clang, r-devel-linux-x86_64-debian-gcc, r-devel-linux-x86_64-fedora-clang, r-devel-linux-x86_64-fedora-gcc, r-devel-windows-x86_64, r-patched-linux-x86_64, r-release-linux-x86_64, r-release-macos-arm64, r-release-macos-x86_64, r-release-windows-x86_64, r-oldrel-macos-arm64, r-oldrel-macos-x86_64, r-oldrel-windows-ix86+x86_64

Version: 1.0.0
Check: dependencies in R code
Result: NOTE
    Namespace in Imports field not imported from: ‘methods’
     All declared Imports should be used.
Flavors: r-devel-linux-x86_64-fedora-clang, r-devel-linux-x86_64-fedora-gcc, r-release-macos-arm64, r-release-macos-x86_64, r-oldrel-macos-arm64, r-oldrel-macos-x86_64