Last updated on 2023-05-28 04:56:21 CEST.
Flavor | Version | Tinstall | Tcheck | Ttotal | Status | Flags |
---|---|---|---|---|---|---|
r-devel-linux-x86_64-debian-clang | 0.3 | 11.76 | 109.41 | 121.17 | NOTE | |
r-devel-linux-x86_64-debian-gcc | 0.3 | 7.99 | 82.75 | 90.74 | NOTE | |
r-devel-linux-x86_64-fedora-clang | 0.3 | 153.38 | NOTE | |||
r-devel-linux-x86_64-fedora-gcc | 0.3 | 156.89 | NOTE | |||
r-devel-windows-x86_64 | 0.3 | 10.00 | 92.00 | 102.00 | NOTE | |
r-patched-linux-x86_64 | 0.3 | 11.76 | 102.79 | 114.55 | NOTE | |
r-release-linux-x86_64 | 0.3 | 9.52 | 105.91 | 115.43 | NOTE | |
r-release-macos-arm64 | 0.3 | 45.00 | NOTE | |||
r-release-macos-x86_64 | 0.3 | 74.00 | NOTE | |||
r-release-windows-x86_64 | 0.3 | 14.00 | 109.00 | 123.00 | NOTE | |
r-oldrel-macos-arm64 | 0.3 | 40.00 | NOTE | |||
r-oldrel-macos-x86_64 | 0.3 | 78.00 | NOTE | |||
r-oldrel-windows-x86_64 | 0.3 | 14.00 | 113.00 | 127.00 | NOTE |
Version: 0.3
Check: LazyData
Result: NOTE
'LazyData' is specified without a 'data' directory
Flavors: r-devel-linux-x86_64-debian-clang, r-devel-linux-x86_64-debian-gcc, r-devel-linux-x86_64-fedora-clang, r-devel-linux-x86_64-fedora-gcc, r-devel-windows-x86_64, r-patched-linux-x86_64, r-release-linux-x86_64, r-release-macos-arm64, r-release-macos-x86_64, r-release-windows-x86_64, r-oldrel-macos-arm64, r-oldrel-macos-x86_64, r-oldrel-windows-x86_64
Version: 0.3
Check: dependencies in R code
Result: NOTE
Namespaces in Imports field not imported from:
‘randomForest’ ‘ranger’
All declared Imports should be used.
Flavors: r-devel-linux-x86_64-fedora-clang, r-devel-linux-x86_64-fedora-gcc, r-oldrel-macos-arm64, r-oldrel-macos-x86_64