Last updated on 2023-09-28 20:56:52 CEST.
Flavor | Version | Tinstall | Tcheck | Ttotal | Status | Flags |
---|---|---|---|---|---|---|
r-devel-linux-x86_64-debian-clang | 1.0.0 | 4.18 | 387.70 | 391.88 | NOTE | |
r-devel-linux-x86_64-debian-gcc | 1.0.0 | 3.04 | 279.67 | 282.71 | NOTE | |
r-devel-linux-x86_64-fedora-clang | 1.0.0 | 459.92 | NOTE | |||
r-devel-linux-x86_64-fedora-gcc | 1.0.0 | 481.55 | NOTE | |||
r-devel-windows-x86_64 | 1.0.0 | 6.00 | 258.00 | 264.00 | NOTE | |
r-patched-linux-x86_64 | 1.0.0 | 3.06 | 381.24 | 384.30 | NOTE | |
r-release-linux-x86_64 | 1.0.0 | 2.40 | 382.35 | 384.75 | NOTE | |
r-release-macos-arm64 | 1.0.0 | 124.00 | NOTE | |||
r-release-macos-x86_64 | 1.0.0 | 223.00 | NOTE | |||
r-release-windows-x86_64 | 1.0.0 | 7.00 | 366.00 | 373.00 | NOTE | |
r-oldrel-macos-arm64 | 1.0.0 | 97.00 | NOTE | |||
r-oldrel-macos-x86_64 | 1.0.0 | 178.00 | NOTE | |||
r-oldrel-windows-x86_64 | 1.0.0 | 7.00 | 353.00 | 360.00 | NOTE |
Version: 1.0.0
Check: LazyData
Result: NOTE
'LazyData' is specified without a 'data' directory
Flavors: r-devel-linux-x86_64-debian-clang, r-devel-linux-x86_64-debian-gcc, r-devel-linux-x86_64-fedora-clang, r-devel-linux-x86_64-fedora-gcc, r-devel-windows-x86_64, r-patched-linux-x86_64, r-release-linux-x86_64, r-release-macos-arm64, r-release-macos-x86_64, r-release-windows-x86_64, r-oldrel-macos-arm64, r-oldrel-macos-x86_64, r-oldrel-windows-x86_64