CRAN Package Check Results for Package OptHoldoutSize

Last updated on 2024-06-12 20:59:06 CEST.

Flavor Version Tinstall Tcheck Ttotal Status Flags
r-devel-linux-x86_64-debian-clang 0.1.0.0 9.61 94.19 103.80 NOTE
r-devel-linux-x86_64-debian-gcc 0.1.0.0 8.27 68.89 77.16 NOTE
r-devel-linux-x86_64-fedora-clang 0.1.0.0 135.43 NOTE
r-devel-linux-x86_64-fedora-gcc 0.1.0.0 161.02 NOTE
r-devel-windows-x86_64 0.1.0.0 10.00 95.00 105.00 NOTE
r-patched-linux-x86_64 0.1.0.0 11.11 90.76 101.87 NOTE
r-release-linux-x86_64 0.1.0.0 10.48 89.94 100.42 NOTE
r-release-macos-arm64 0.1.0.0 51.00 NOTE
r-release-macos-x86_64 0.1.0.0 86.00 NOTE
r-release-windows-x86_64 0.1.0.0 9.00 96.00 105.00 NOTE
r-oldrel-macos-arm64 0.1.0.0 56.00 OK
r-oldrel-macos-x86_64 0.1.0.0 85.00 OK
r-oldrel-windows-x86_64 0.1.0.0 13.00 112.00 125.00 OK

Check Details

Version: 0.1.0.0
Check: Rd files
Result: NOTE checkRd: (-1) optimal_holdout_size.Rd:30: Lost braces; missing escapes or markup? 30 | List/data frame of dimension (number of evaluations) x (4 + n_par) containing input data and results. Columns \code{size} and \code{cost} are optimal holdout size and cost at this size respectively. Parameters N, k1, theta.1, theta.2,...,theta.{n_par} are input data. | ^ Flavors: r-devel-linux-x86_64-debian-clang, r-devel-linux-x86_64-debian-gcc, r-devel-linux-x86_64-fedora-clang, r-devel-linux-x86_64-fedora-gcc, r-devel-windows-x86_64, r-patched-linux-x86_64, r-release-linux-x86_64, r-release-macos-arm64, r-release-macos-x86_64, r-release-windows-x86_64