Last updated on 2025-01-24 20:49:16 CET.
Flavor | Version | Tinstall | Tcheck | Ttotal | Status | Flags |
---|---|---|---|---|---|---|
r-devel-linux-x86_64-debian-clang | 1.1.2 | 45.47 | 38.92 | 84.39 | OK | |
r-devel-linux-x86_64-debian-gcc | 1.1.2 | 34.17 | 27.76 | 61.93 | OK | |
r-devel-linux-x86_64-fedora-clang | 1.1.2 | 147.96 | OK | |||
r-devel-linux-x86_64-fedora-gcc | 1.1.2 | 167.69 | OK | |||
r-devel-windows-x86_64 | 1.1.2 | 49.00 | 77.00 | 126.00 | OK | |
r-patched-linux-x86_64 | 1.1.2 | 49.17 | 35.96 | 85.13 | OK | |
r-release-linux-x86_64 | 1.1.2 | 49.25 | 35.87 | 85.12 | OK | |
r-release-macos-arm64 | 1.1.2 | 40.00 | NOTE | |||
r-release-macos-x86_64 | 1.1.2 | 65.00 | NOTE | |||
r-release-windows-x86_64 | 1.1.2 | 49.00 | 78.00 | 127.00 | OK | |
r-oldrel-macos-arm64 | 1.1.2 | 49.00 | NOTE | |||
r-oldrel-macos-x86_64 | 1.1.2 | 62.00 | NOTE | |||
r-oldrel-windows-x86_64 | 1.1.2 | 56.00 | 92.00 | 148.00 | OK |
Version: 1.1.2
Check: installed package size
Result: NOTE
installed size is 6.9Mb
sub-directories of 1Mb or more:
libs 6.6Mb
Flavors: r-release-macos-arm64, r-release-macos-x86_64, r-oldrel-macos-arm64, r-oldrel-macos-x86_64