CRAN Package Check Results for Package PAMpal

Last updated on 2022-01-23 12:05:18 CET.

Flavor Version Tinstall Tcheck Ttotal Status Flags
r-devel-linux-x86_64-debian-clang 0.15.0 31.82 212.57 244.39 OK
r-devel-linux-x86_64-debian-gcc 0.15.0 25.92 173.89 199.81 OK
r-devel-linux-x86_64-fedora-clang 0.15.0 299.99 NOTE
r-devel-linux-x86_64-fedora-gcc 0.15.0 292.01 NOTE
r-devel-windows-x86_64-new-UL 0.15.0 107.00 214.00 321.00 OK
r-devel-windows-x86_64-new-TK 0.15.0 NOTE
r-patched-linux-x86_64 0.15.0 36.63 204.63 241.26 OK
r-release-linux-x86_64 0.15.0 21.22 206.33 227.55 OK
r-release-macos-arm64 0.15.0 NOTE
r-release-macos-x86_64 0.15.0 NOTE
r-release-windows-ix86+x86_64 0.15.0 52.00 218.00 270.00 OK
r-oldrel-macos-x86_64 0.14.4 NOTE
r-oldrel-windows-ix86+x86_64 0.15.0 51.00 221.00 272.00 OK

Check Details

Version: 0.15.0
Check: dependencies in R code
Result: NOTE
    Namespace in Imports field not imported from: ‘rstudioapi’
     All declared Imports should be used.
Flavors: r-devel-linux-x86_64-fedora-clang, r-devel-linux-x86_64-fedora-gcc, r-devel-windows-x86_64-new-TK, r-release-macos-arm64, r-release-macos-x86_64

Version: 0.14.4
Check: dependencies in R code
Result: NOTE
    Namespaces in Imports field not imported from:
     ‘rjson’ ‘rstudioapi’
     All declared Imports should be used.
Flavor: r-oldrel-macos-x86_64