CRAN Package Check Results for Package PCA4TS

Last updated on 2022-01-26 23:50:27 CET.

Flavor Version Tinstall Tcheck Ttotal Status Flags
r-devel-linux-x86_64-debian-clang 0.1 3.34 42.85 46.19 OK
r-devel-linux-x86_64-debian-gcc 0.1 3.21 34.11 37.32 OK
r-devel-linux-x86_64-fedora-clang 0.1 58.54 NOTE
r-devel-linux-x86_64-fedora-gcc 0.1 46.95 NOTE
r-devel-windows-x86_64-new-UL 0.1 20.00 72.00 92.00 OK
r-devel-windows-x86_64-new-TK 0.1 OK
r-patched-linux-x86_64 0.1 4.32 41.56 45.88 OK
r-release-linux-x86_64 0.1 3.62 41.10 44.72 OK
r-release-macos-arm64 0.1 OK
r-release-macos-x86_64 0.1 OK
r-release-windows-ix86+x86_64 0.1 11.00 72.00 83.00 OK
r-oldrel-macos-x86_64 0.1 OK
r-oldrel-windows-ix86+x86_64 0.1 12.00 68.00 80.00 OK

Check Details

Version: 0.1
Check: compiled code
Result: NOTE
    File ‘PCA4TS/libs/PCA4TS.so’:
     Found no calls to: ‘R_registerRoutines’, ‘R_useDynamicSymbols’
    
    It is good practice to register native routines and to disable symbol
    search.
    
    See ‘Writing portable packages’ in the ‘Writing R Extensions’ manual.
Flavors: r-devel-linux-x86_64-fedora-clang, r-devel-linux-x86_64-fedora-gcc