CRAN Package Check Results for Package PINSPlus

Last updated on 2024-03-05 00:51:52 CET.

Flavor Version Tinstall Tcheck Ttotal Status Flags
r-devel-linux-x86_64-debian-clang 2.0.6 34.49 86.51 121.00 NOTE
r-devel-linux-x86_64-debian-gcc 2.0.6 28.20 65.54 93.74 NOTE
r-devel-linux-x86_64-fedora-clang 2.0.6 164.57 NOTE
r-devel-linux-x86_64-fedora-gcc 2.0.6 169.54 NOTE
r-devel-windows-x86_64 2.0.6 34.00 94.00 128.00 NOTE
r-patched-linux-x86_64 2.0.6 32.43 84.50 116.93 NOTE
r-release-linux-x86_64 2.0.6 45.30 83.47 128.77 NOTE
r-release-macos-arm64 2.0.6 55.00 NOTE
r-release-macos-x86_64 2.0.6 87.00 NOTE
r-release-windows-x86_64 2.0.6 45.00 117.00 162.00 NOTE
r-oldrel-macos-arm64 2.0.6 43.00 OK
r-oldrel-windows-x86_64 2.0.6 42.00 116.00 158.00 OK

Check Details

Version: 2.0.6
Check: C++ specification
Result: NOTE Specified C++11: please drop specification unless essential Flavors: r-devel-linux-x86_64-debian-clang, r-devel-linux-x86_64-debian-gcc, r-devel-linux-x86_64-fedora-clang, r-devel-linux-x86_64-fedora-gcc, r-devel-windows-x86_64, r-patched-linux-x86_64, r-release-linux-x86_64, r-release-macos-arm64, r-release-macos-x86_64, r-release-windows-x86_64