CRAN Package Check Results for Package PINSPlus

Last updated on 2023-03-31 20:50:20 CEST.

Flavor Version Tinstall Tcheck Ttotal Status Flags
r-devel-linux-x86_64-debian-clang 2.0.6 35.22 85.91 121.13 NOTE
r-devel-linux-x86_64-debian-gcc 2.0.6 30.55 66.74 97.29 NOTE
r-devel-linux-x86_64-fedora-clang 2.0.6 170.09 NOTE
r-devel-linux-x86_64-fedora-gcc 2.0.6 169.67 NOTE
r-devel-windows-x86_64 2.0.6 56.00 138.00 194.00 NOTE
r-patched-linux-x86_64 2.0.6 29.26 84.38 113.64 NOTE
r-release-linux-x86_64 2.0.6 31.15 82.58 113.73 OK
r-release-macos-arm64 2.0.6 43.00 OK
r-release-macos-x86_64 2.0.6 67.00 OK
r-release-windows-x86_64 2.0.6 44.00 142.00 186.00 OK
r-oldrel-macos-arm64 2.0.6 41.00 OK
r-oldrel-macos-x86_64 2.0.6 58.00 OK
r-oldrel-windows-ix86+x86_64 2.0.6 96.00 141.00 237.00 OK

Check Details

Version: 2.0.6
Check: C++ specification
Result: NOTE
     Specified C++11: please drop specification unless essential
Flavors: r-devel-linux-x86_64-debian-clang, r-devel-linux-x86_64-debian-gcc, r-devel-linux-x86_64-fedora-clang, r-devel-linux-x86_64-fedora-gcc, r-devel-windows-x86_64, r-patched-linux-x86_64