Last updated on 2023-11-29 04:01:08 CET.
Flavor | Version | Tinstall | Tcheck | Ttotal | Status | Flags |
---|---|---|---|---|---|---|
r-devel-linux-x86_64-debian-clang | 0.1.2 | 24.81 | 1140.66 | 1165.47 | OK | |
r-devel-linux-x86_64-debian-gcc | 0.1.2 | 17.87 | 801.17 | 819.04 | OK | |
r-devel-linux-x86_64-fedora-clang | 0.1.2 | 1304.76 | OK | |||
r-devel-linux-x86_64-fedora-gcc | 0.1.2 | 1414.75 | OK | |||
r-devel-windows-x86_64 | 0.1.2 | 18.00 | 736.00 | 754.00 | OK | |
r-patched-linux-x86_64 | 0.1.2 | 24.61 | 1082.97 | 1107.58 | OK | |
r-release-linux-x86_64 | 0.1.2 | 12.98 | 1097.38 | 1110.36 | OK | |
r-release-macos-arm64 | 0.1.2 | 342.00 | NOTE | |||
r-release-macos-x86_64 | 0.1.2 | 734.00 | NOTE | |||
r-release-windows-x86_64 | 0.1.2 | 27.00 | 996.00 | 1023.00 | OK | |
r-oldrel-macos-arm64 | 0.1.2 | 219.00 | NOTE | |||
r-oldrel-macos-x86_64 | 0.1.2 | 409.00 | OK | |||
r-oldrel-windows-x86_64 | 0.1.2 | 29.00 | 1106.00 | 1135.00 | OK |
Version: 0.1.2
Check: installed package size
Result: NOTE
installed size is 5.1Mb
sub-directories of 1Mb or more:
data 2.0Mb
doc 2.0Mb
Flavors: r-release-macos-arm64, r-release-macos-x86_64, r-oldrel-macos-arm64