Last updated on 2023-03-27 12:54:30 CEST.
Flavor | Version | Tinstall | Tcheck | Ttotal | Status | Flags |
---|---|---|---|---|---|---|
r-devel-linux-x86_64-debian-clang | 1.0.1 | 200.25 | 450.85 | 651.10 | OK | |
r-devel-linux-x86_64-debian-gcc | 1.0.1 | 148.66 | 312.01 | 460.67 | OK | |
r-devel-linux-x86_64-fedora-clang | 1.0.1 | 883.16 | OK | |||
r-devel-linux-x86_64-fedora-gcc | 1.0.1 | 837.61 | OK | |||
r-devel-windows-x86_64 | 1.0.1 | 210.00 | 529.00 | 739.00 | OK | |
r-patched-linux-x86_64 | 1.0.1 | 171.47 | 408.95 | 580.42 | OK | |
r-release-linux-x86_64 | 1.0.1 | 122.93 | 403.26 | 526.19 | OK | |
r-release-macos-arm64 | 1.0.1 | 170.00 | NOTE | |||
r-release-macos-x86_64 | 1.0.1 | 263.00 | NOTE | |||
r-release-windows-x86_64 | 1.0.1 | 217.00 | 511.00 | 728.00 | OK | |
r-oldrel-macos-arm64 | 1.0.1 | 195.00 | NOTE | |||
r-oldrel-macos-x86_64 | 1.0.1 | 280.00 | NOTE | |||
r-oldrel-windows-ix86+x86_64 | 1.0.1 | 434.00 | 844.00 | 1278.00 | NOTE |
Version: 1.0.1
Check: installed package size
Result: NOTE
installed size is 13.8Mb
sub-directories of 1Mb or more:
doc 2.2Mb
libs 10.3Mb
Flavors: r-release-macos-arm64, r-release-macos-x86_64, r-oldrel-macos-arm64, r-oldrel-macos-x86_64, r-oldrel-windows-ix86+x86_64