Last updated on 2023-03-28 16:51:52 CEST.
Flavor | Version | Tinstall | Tcheck | Ttotal | Status | Flags |
---|---|---|---|---|---|---|
r-devel-linux-x86_64-debian-clang | 0.1.0 | 41.66 | 70.97 | 112.63 | NOTE | |
r-devel-linux-x86_64-debian-gcc | 0.1.0 | 28.19 | 54.87 | 83.06 | NOTE | |
r-devel-linux-x86_64-fedora-clang | 0.1.0 | 148.38 | NOTE | |||
r-devel-linux-x86_64-fedora-gcc | 0.1.0 | 147.06 | NOTE | |||
r-patched-linux-x86_64 | 0.1.0 | 32.08 | 68.13 | 100.21 | NOTE | |
r-release-linux-x86_64 | 0.1.0 | 34.35 | 67.22 | 101.57 | OK | |
r-release-macos-arm64 | 0.1.0 | 37.00 | OK | |||
r-release-macos-x86_64 | 0.1.0 | 52.00 | OK | |||
r-release-windows-x86_64 | 0.1.0 | 36.00 | 112.00 | 148.00 | OK | |
r-oldrel-macos-arm64 | 0.1.0 | 39.00 | OK | |||
r-oldrel-macos-x86_64 | 0.1.0 | 50.00 | OK | |||
r-oldrel-windows-ix86+x86_64 | 0.1.0 | 89.00 | 131.00 | 220.00 | OK |
Version: 0.1.0
Check: C++ specification
Result: NOTE
Specified C++11: please drop specification unless essential
Flavors: r-devel-linux-x86_64-debian-clang, r-devel-linux-x86_64-debian-gcc, r-devel-linux-x86_64-fedora-clang, r-devel-linux-x86_64-fedora-gcc, r-patched-linux-x86_64