CRAN Package Check Results for Package PRDA

Last updated on 2023-03-29 00:57:16 CEST.

Flavor Version Tinstall Tcheck Ttotal Status Flags
r-devel-linux-x86_64-debian-clang 1.0.0 45.65 233.07 278.72 NOTE
r-devel-linux-x86_64-debian-gcc 1.0.0 32.44 156.87 189.31 NOTE
r-devel-linux-x86_64-fedora-clang 1.0.0 342.35 NOTE
r-devel-linux-x86_64-fedora-gcc 1.0.0 343.86 NOTE
r-devel-windows-x86_64 1.0.0 48.00 307.00 355.00 NOTE
r-patched-linux-x86_64 1.0.0 35.96 221.27 257.23 NOTE
r-release-linux-x86_64 1.0.0 33.89 222.35 256.24 NOTE
r-release-macos-arm64 1.0.0 106.00 NOTE
r-release-macos-x86_64 1.0.0 149.00 NOTE
r-release-windows-x86_64 1.0.0 58.00 297.00 355.00 NOTE
r-oldrel-macos-arm64 1.0.0 119.00 NOTE
r-oldrel-macos-x86_64 1.0.0 206.00 NOTE
r-oldrel-windows-ix86+x86_64 1.0.0 97.00 350.00 447.00 NOTE

Check Details

Version: 1.0.0
Check: C++ specification
Result: NOTE
     Specified C++11: please drop specification unless essential
Flavors: r-devel-linux-x86_64-debian-clang, r-devel-linux-x86_64-debian-gcc, r-devel-linux-x86_64-fedora-clang, r-devel-linux-x86_64-fedora-gcc, r-devel-windows-x86_64, r-patched-linux-x86_64

Version: 1.0.0
Check: LazyData
Result: NOTE
     'LazyData' is specified without a 'data' directory
Flavors: r-devel-linux-x86_64-debian-clang, r-devel-linux-x86_64-debian-gcc, r-devel-linux-x86_64-fedora-clang, r-devel-linux-x86_64-fedora-gcc, r-devel-windows-x86_64, r-patched-linux-x86_64, r-release-linux-x86_64, r-release-macos-arm64, r-release-macos-x86_64, r-release-windows-x86_64, r-oldrel-macos-arm64, r-oldrel-macos-x86_64, r-oldrel-windows-ix86+x86_64