CRAN Package Check Results for Package PRISMA2020

Last updated on 2022-01-22 11:51:08 CET.

Flavor Version Tinstall Tcheck Ttotal Status Flags
r-devel-linux-x86_64-debian-clang 0.0.3 2.73 34.13 36.86 OK
r-devel-linux-x86_64-debian-gcc 0.0.3 2.57 26.96 29.53 OK
r-devel-linux-x86_64-fedora-clang 0.0.3 49.19 NOTE
r-devel-linux-x86_64-fedora-gcc 0.0.3 34.58 NOTE
r-devel-windows-x86_64-new-UL 0.0.3 30.00 56.00 86.00 OK
r-devel-windows-x86_64-new-TK 0.0.3 NOTE
r-patched-linux-x86_64 0.0.3 2.90 33.19 36.09 OK
r-release-linux-x86_64 0.0.3 2.33 32.80 35.13 OK
r-release-macos-arm64 0.0.3 NOTE
r-release-macos-x86_64 0.0.3 NOTE
r-release-windows-ix86+x86_64 0.0.3 8.00 43.00 51.00 OK
r-oldrel-macos-x86_64 0.0.3 NOTE
r-oldrel-windows-ix86+x86_64 0.0.3 8.00 45.00 53.00 OK

Check Details

Version: 0.0.3
Check: dependencies in R code
Result: NOTE
    Namespaces in Imports field not imported from:
     ‘DT’ ‘rio’ ‘shiny’ ‘shinyjs’ ‘utils’ ‘webp’
     All declared Imports should be used.
Flavors: r-devel-linux-x86_64-fedora-clang, r-devel-linux-x86_64-fedora-gcc, r-devel-windows-x86_64-new-TK, r-release-macos-arm64, r-release-macos-x86_64, r-oldrel-macos-x86_64