Last updated on 2025-01-21 12:49:47 CET.
Flavor | Version | Tinstall | Tcheck | Ttotal | Status | Flags |
---|---|---|---|---|---|---|
r-devel-linux-x86_64-debian-clang | 0.5.0 | 9.13 | 35.08 | 44.21 | NOTE | |
r-devel-linux-x86_64-debian-gcc | 0.5.0 | 6.04 | 27.92 | 33.96 | NOTE | |
r-devel-linux-x86_64-fedora-clang | 0.5.0 | 70.13 | NOTE | |||
r-devel-linux-x86_64-fedora-gcc | 0.5.0 | 80.38 | NOTE | |||
r-devel-windows-x86_64 | 0.5.0 | 18.00 | 183.00 | 201.00 | OK | |
r-patched-linux-x86_64 | 0.5.0 | 6.55 | 32.87 | 39.42 | OK | |
r-release-linux-x86_64 | 0.5.0 | 6.58 | 32.99 | 39.57 | OK | |
r-release-macos-arm64 | 0.5.0 | 58.00 | NOTE | |||
r-release-macos-x86_64 | 0.5.0 | 100.00 | NOTE | |||
r-release-windows-x86_64 | 0.5.0 | 21.00 | 188.00 | 209.00 | NOTE | |
r-oldrel-macos-arm64 | 0.5.0 | 44.00 | NOTE | |||
r-oldrel-macos-x86_64 | 0.5.0 | 78.00 | NOTE | |||
r-oldrel-windows-x86_64 | 0.5.0 | 20.00 | 217.00 | 237.00 | NOTE |
Version: 0.5.0
Check: top-level files
Result: NOTE
possible bashism in configure.ac line 69 (test -a/-o):
if test x$use6 = xyes -a x${proj6api} = xno; then
Flavors: r-devel-linux-x86_64-debian-clang, r-devel-linux-x86_64-debian-gcc, r-devel-linux-x86_64-fedora-clang, r-devel-linux-x86_64-fedora-gcc
Version: 0.5.0
Check: installed package size
Result: NOTE
installed size is 17.8Mb
sub-directories of 1Mb or more:
libs 17.5Mb
Flavors: r-release-macos-arm64, r-release-macos-x86_64, r-release-windows-x86_64, r-oldrel-macos-arm64, r-oldrel-macos-x86_64, r-oldrel-windows-x86_64