CRAN Package Check Results for Package PReMiuM

Last updated on 2021-09-27 16:50:25 CEST.

Flavor Version Tinstall Tcheck Ttotal Status Flags
r-devel-linux-x86_64-debian-clang 3.2.6 107.91 190.94 298.85 OK
r-devel-linux-x86_64-debian-gcc 3.2.6 78.63 142.43 221.06 OK
r-devel-linux-x86_64-fedora-clang 3.2.6 382.75 NOTE
r-devel-linux-x86_64-fedora-gcc 3.2.6 366.80 OK
r-devel-windows-x86_64 3.2.6 78.00 164.00 242.00 OK
r-devel-windows-x86_64-gcc10-UCRT 3.2.6 OK
r-patched-linux-x86_64 3.2.6 73.03 179.88 252.91 OK
r-patched-solaris-x86 3.2.6 452.80 OK
r-release-linux-x86_64 3.2.6 85.32 180.30 265.62 OK
r-release-macos-arm64 3.2.6 NOTE
r-release-macos-x86_64 3.2.6 NOTE
r-release-windows-ix86+x86_64 3.2.6 204.00 313.00 517.00 OK
r-oldrel-macos-x86_64 3.2.6 NOTE
r-oldrel-windows-ix86+x86_64 3.2.6 148.00 226.00 374.00 OK

Check Details

Version: 3.2.6
Check: installed package size
Result: NOTE
     installed size is 14.6Mb
     sub-directories of 1Mb or more:
     libs 14.2Mb
Flavors: r-devel-linux-x86_64-fedora-clang, r-release-macos-arm64, r-release-macos-x86_64, r-oldrel-macos-x86_64