Last updated on 2023-09-25 05:01:33 CEST.
Flavor | Version | Tinstall | Tcheck | Ttotal | Status | Flags |
---|---|---|---|---|---|---|
r-devel-linux-x86_64-debian-clang | 1.0.2 | 21.04 | 155.88 | 176.92 | OK | |
r-devel-linux-x86_64-debian-gcc | 1.0.2 | 16.50 | 117.00 | 133.50 | OK | |
r-devel-linux-x86_64-fedora-clang | 1.0.2 | 211.80 | NOTE | |||
r-devel-linux-x86_64-fedora-gcc | 1.0.2 | 217.62 | OK | |||
r-devel-windows-x86_64 | 1.0.2 | 17.00 | 119.00 | 136.00 | OK | |
r-patched-linux-x86_64 | 1.0.2 | 17.21 | 148.87 | 166.08 | OK | |
r-release-linux-x86_64 | 1.0.2 | 18.21 | 147.33 | 165.54 | OK | |
r-release-macos-arm64 | 1.0.2 | 61.00 | OK | |||
r-release-macos-x86_64 | 1.0.2 | 167.00 | OK | |||
r-release-windows-x86_64 | 1.0.2 | 24.00 | 144.00 | 168.00 | OK | |
r-oldrel-macos-arm64 | 1.0.2 | 65.00 | OK | |||
r-oldrel-macos-x86_64 | 1.0.2 | 87.00 | OK | |||
r-oldrel-windows-x86_64 | 1.0.2 | 24.00 | 152.00 | 176.00 | OK |
Version: 1.0.2
Check: package dependencies
Result: NOTE
Imports includes 21 non-default packages.
Importing from so many packages makes the package vulnerable to any of
them becoming unavailable. Move as many as possible to Suggests and
use conditionally.
Flavor: r-devel-linux-x86_64-fedora-clang