CRAN Package Check Results for Package PartialNetwork

Last updated on 2024-03-05 08:18:35 CET.

Flavor Version Tinstall Tcheck Ttotal Status Flags
r-devel-linux-x86_64-debian-clang 1.0.2 407.85 137.63 545.48 OK
r-devel-linux-x86_64-debian-gcc 1.0.2 231.42 1.99 233.41 ERROR
r-devel-linux-x86_64-fedora-clang 1.0.2 579.89 ERROR
r-devel-linux-x86_64-fedora-gcc 1.0.2 636.34 ERROR
r-devel-windows-x86_64 1.0.2 200.00 5.00 205.00 ERROR
r-patched-linux-x86_64 1.0.2 408.29 136.54 544.83 OK
r-release-linux-x86_64 1.0.2 277.79 2.22 280.01 ERROR
r-release-macos-arm64 1.0.2 178.00 NOTE
r-release-macos-x86_64 1.0.2 233.00 NOTE
r-release-windows-x86_64 1.0.2 257.00 5.00 262.00 ERROR
r-oldrel-macos-arm64 1.0.2 175.00 NOTE
r-oldrel-windows-x86_64 1.0.2 249.00 10.00 259.00 ERROR

Check Details

Version: 1.0.2
Check: whether package can be installed
Result: ERROR Installation failed. Flavors: r-devel-linux-x86_64-debian-gcc, r-devel-linux-x86_64-fedora-clang, r-devel-linux-x86_64-fedora-gcc, r-devel-windows-x86_64, r-release-linux-x86_64, r-release-windows-x86_64, r-oldrel-windows-x86_64

Version: 1.0.2
Check: installed package size
Result: NOTE installed size is 47.5Mb sub-directories of 1Mb or more: doc 3.3Mb libs 43.9Mb Flavors: r-release-macos-arm64, r-release-macos-x86_64, r-oldrel-macos-arm64