Last updated on 2023-10-03 01:04:59 CEST.
Flavor | Version | Tinstall | Tcheck | Ttotal | Status | Flags |
---|---|---|---|---|---|---|
r-devel-linux-x86_64-debian-clang | 1.4 | 49.71 | 411.56 | 461.27 | OK | |
r-devel-linux-x86_64-debian-gcc | 1.4 | 34.46 | 296.38 | 330.84 | OK | |
r-devel-linux-x86_64-fedora-clang | 1.4 | 572.09 | OK | |||
r-devel-linux-x86_64-fedora-gcc | 1.4 | 560.10 | OK | |||
r-devel-windows-x86_64 | 1.4 | 36.00 | 278.00 | 314.00 | OK | |
r-patched-linux-x86_64 | 1.4 | 41.20 | 389.43 | 430.63 | OK | |
r-release-linux-x86_64 | 1.4 | 39.21 | 392.54 | 431.75 | OK | |
r-release-macos-arm64 | 1.4 | 166.00 | OK | |||
r-release-macos-x86_64 | 1.4 | 277.00 | OK | |||
r-release-windows-x86_64 | 1.4 | 44.00 | 343.00 | 387.00 | OK | |
r-oldrel-macos-arm64 | 1.4 | 99.00 | ERROR | |||
r-oldrel-macos-x86_64 | 1.4 | 486.00 | OK | |||
r-oldrel-windows-x86_64 | 1.4 | 48.00 | 330.00 | 378.00 | OK |
Version: 1.4
Check: package dependencies
Result: ERROR
Package required but not available: ‘Mfuzz’
See section ‘The DESCRIPTION file’ in the ‘Writing R Extensions’
manual.
Flavor: r-oldrel-macos-arm64