CRAN Package Check Results for Package Peptides

Last updated on 2021-11-29 15:51:20 CET.

Flavor Version Tinstall Tcheck Ttotal Status Flags
r-devel-linux-x86_64-debian-clang 2.4.4 17.85 35.16 53.01 OK
r-devel-linux-x86_64-debian-gcc 2.4.4 11.98 27.62 39.60 OK
r-devel-linux-x86_64-fedora-clang 2.4.4 84.99 OK
r-devel-linux-x86_64-fedora-gcc 2.4.4 68.47 OK
r-devel-windows-x86_64-new-UL 2.4.4 34.00 102.00 136.00 OK
r-devel-windows-x86_64-new-TK 2.4.4 OK
r-devel-windows-x86_64-old 2.4.4 28.00 52.00 80.00 OK
r-patched-linux-x86_64 2.4.4 16.04 34.03 50.07 OK
r-patched-solaris-x86 2.4.4 87.80 OK
r-release-linux-x86_64 2.4.4 16.11 34.02 50.13 OK
r-release-macos-arm64 2.4.4 OK
r-release-macos-x86_64 2.4.4 OK
r-release-windows-ix86+x86_64 2.4.4 48.00 61.00 109.00 NOTE
r-oldrel-macos-x86_64 2.4.4 OK
r-oldrel-windows-ix86+x86_64 2.4.4 40.00 77.00 117.00 NOTE

Check Details

Version: 2.4.4
Check: installed package size
Result: NOTE
     installed size is 5.5Mb
     sub-directories of 1Mb or more:
     libs 2.0Mb
     xvg-files 3.2Mb
Flavors: r-release-windows-ix86+x86_64, r-oldrel-windows-ix86+x86_64