CRAN Package Check Results for Package PersianStemmer

Last updated on 2024-06-23 08:51:17 CEST.

Flavor Version Tinstall Tcheck Ttotal Status Flags
r-devel-linux-x86_64-debian-clang 1.0 4.01 29.09 33.10 OK
r-devel-linux-x86_64-debian-gcc 1.0 2.90 22.16 25.06 OK
r-devel-linux-x86_64-fedora-clang 1.0 42.91 NOTE
r-devel-linux-x86_64-fedora-gcc 1.0 38.42 NOTE
r-devel-windows-x86_64 1.0 3.00 41.00 44.00 OK
r-patched-linux-x86_64 1.0 3.33 27.57 30.90 OK
r-release-linux-x86_64 1.0 3.70 27.89 31.59 OK
r-release-macos-arm64 1.0 16.00 OK
r-release-macos-x86_64 1.0 24.00 OK
r-release-windows-x86_64 1.0 4.00 41.00 45.00 OK
r-oldrel-macos-arm64 1.0 17.00 OK
r-oldrel-macos-x86_64 1.0 22.00 OK
r-oldrel-windows-x86_64 1.0 5.00 43.00 48.00 OK

Check Details

Version: 1.0
Check: data for non-ASCII characters
Result: NOTE Note: found 1 marked UTF-8 string Flavors: r-devel-linux-x86_64-fedora-clang, r-devel-linux-x86_64-fedora-gcc