CRAN Package Check Results for Package Phase12Compare

Last updated on 2024-04-24 00:55:52 CEST.

Flavor Version Tinstall Tcheck Ttotal Status Flags
r-devel-linux-x86_64-debian-clang 1.5 49.99 42.68 92.67 NOTE
r-devel-linux-x86_64-debian-gcc 1.5 35.42 31.89 67.31 NOTE
r-devel-linux-x86_64-fedora-clang 1.5 123.19 NOTE
r-devel-linux-x86_64-fedora-gcc 1.5 119.90 NOTE
r-prerel-macos-arm64 1.5 31.00 NOTE
r-prerel-windows-x86_64 1.5 35.00 75.00 110.00 NOTE
r-patched-linux-x86_64 1.5 40.56 40.20 80.76 NOTE
r-release-linux-x86_64 1.5 43.24 41.06 84.30 OK
r-release-macos-arm64 1.5 36.00 OK
r-release-macos-x86_64 1.5 67.00 OK
r-release-windows-x86_64 1.5 46.00 85.00 131.00 OK
r-oldrel-macos-arm64 1.5 32.00 OK
r-oldrel-windows-x86_64 1.5 43.00 79.00 122.00 OK

Check Details

Version: 1.5
Check: Rd files
Result: NOTE checkRd: (-1) GetEfftoxContour.Rd:37: Lost braces; missing escapes or markup? 37 | \item{Contour}{Contour vector for desirability function. Contains in order: (pi_{1,E},pi_{2,T},pi_{3,E},pi_{4,T}).} | ^ checkRd: (-1) GetEfftoxContour.Rd:37: Lost braces; missing escapes or markup? 37 | \item{Contour}{Contour vector for desirability function. Contains in order: (pi_{1,E},pi_{2,T},pi_{3,E},pi_{4,T}).} | ^ checkRd: (-1) GetEfftoxContour.Rd:37: Lost braces; missing escapes or markup? 37 | \item{Contour}{Contour vector for desirability function. Contains in order: (pi_{1,E},pi_{2,T},pi_{3,E},pi_{4,T}).} | ^ checkRd: (-1) GetEfftoxContour.Rd:37: Lost braces; missing escapes or markup? 37 | \item{Contour}{Contour vector for desirability function. Contains in order: (pi_{1,E},pi_{2,T},pi_{3,E},pi_{4,T}).} | ^ checkRd: (-1) GetEfftoxContour.Rd:47: Lost braces; missing escapes or markup? 47 | \item{HypermeansEFF}{Hypermeans for the Efftox model. In order, entries are hypermeans for (beta_{0,E},beta_{1,E},beta_{2,E},beta_{0,T},beta_{1,T},psi).} | ^ checkRd: (-1) GetEfftoxContour.Rd:47: Lost braces; missing escapes or markup? 47 | \item{HypermeansEFF}{Hypermeans for the Efftox model. In order, entries are hypermeans for (beta_{0,E},beta_{1,E},beta_{2,E},beta_{0,T},beta_{1,T},psi).} | ^ checkRd: (-1) GetEfftoxContour.Rd:47: Lost braces; missing escapes or markup? 47 | \item{HypermeansEFF}{Hypermeans for the Efftox model. In order, entries are hypermeans for (beta_{0,E},beta_{1,E},beta_{2,E},beta_{0,T},beta_{1,T},psi).} | ^ checkRd: (-1) GetEfftoxContour.Rd:47: Lost braces; missing escapes or markup? 47 | \item{HypermeansEFF}{Hypermeans for the Efftox model. In order, entries are hypermeans for (beta_{0,E},beta_{1,E},beta_{2,E},beta_{0,T},beta_{1,T},psi).} | ^ checkRd: (-1) GetEfftoxContour.Rd:47: Lost braces; missing escapes or markup? 47 | \item{HypermeansEFF}{Hypermeans for the Efftox model. In order, entries are hypermeans for (beta_{0,E},beta_{1,E},beta_{2,E},beta_{0,T},beta_{1,T},psi).} | ^ checkRd: (-1) GetEfftoxContour.Rd:49: Lost braces; missing escapes or markup? 49 | \item{HypervarsEFF}{Hypervariances for the Efftox model. In order, entries are hypervariances for (beta_{0,E},beta_{1,E},beta_{2,E},beta_{0,T},beta_{1,T},psi).} | ^ checkRd: (-1) GetEfftoxContour.Rd:49: Lost braces; missing escapes or markup? 49 | \item{HypervarsEFF}{Hypervariances for the Efftox model. In order, entries are hypervariances for (beta_{0,E},beta_{1,E},beta_{2,E},beta_{0,T},beta_{1,T},psi).} | ^ checkRd: (-1) GetEfftoxContour.Rd:49: Lost braces; missing escapes or markup? 49 | \item{HypervarsEFF}{Hypervariances for the Efftox model. In order, entries are hypervariances for (beta_{0,E},beta_{1,E},beta_{2,E},beta_{0,T},beta_{1,T},psi).} | ^ checkRd: (-1) GetEfftoxContour.Rd:49: Lost braces; missing escapes or markup? 49 | \item{HypervarsEFF}{Hypervariances for the Efftox model. In order, entries are hypervariances for (beta_{0,E},beta_{1,E},beta_{2,E},beta_{0,T},beta_{1,T},psi).} | ^ checkRd: (-1) GetEfftoxContour.Rd:49: Lost braces; missing escapes or markup? 49 | \item{HypervarsEFF}{Hypervariances for the Efftox model. In order, entries are hypervariances for (beta_{0,E},beta_{1,E},beta_{2,E},beta_{0,T},beta_{1,T},psi).} | ^ checkRd: (-1) GetEfftoxUt.Rd:47: Lost braces; missing escapes or markup? 47 | \item{HypermeansEFF}{Hypermeans for the Efftox model. In order, entries are hypermeans for (beta_{0,E},beta_{1,E},beta_{2,E},beta_{0,T},beta_{1,T},psi).} | ^ checkRd: (-1) GetEfftoxUt.Rd:47: Lost braces; missing escapes or markup? 47 | \item{HypermeansEFF}{Hypermeans for the Efftox model. In order, entries are hypermeans for (beta_{0,E},beta_{1,E},beta_{2,E},beta_{0,T},beta_{1,T},psi).} | ^ checkRd: (-1) GetEfftoxUt.Rd:47: Lost braces; missing escapes or markup? 47 | \item{HypermeansEFF}{Hypermeans for the Efftox model. In order, entries are hypermeans for (beta_{0,E},beta_{1,E},beta_{2,E},beta_{0,T},beta_{1,T},psi).} | ^ checkRd: (-1) GetEfftoxUt.Rd:47: Lost braces; missing escapes or markup? 47 | \item{HypermeansEFF}{Hypermeans for the Efftox model. In order, entries are hypermeans for (beta_{0,E},beta_{1,E},beta_{2,E},beta_{0,T},beta_{1,T},psi).} | ^ checkRd: (-1) GetEfftoxUt.Rd:47: Lost braces; missing escapes or markup? 47 | \item{HypermeansEFF}{Hypermeans for the Efftox model. In order, entries are hypermeans for (beta_{0,E},beta_{1,E},beta_{2,E},beta_{0,T},beta_{1,T},psi).} | ^ checkRd: (-1) GetEfftoxUt.Rd:49: Lost braces; missing escapes or markup? 49 | \item{HypervarsEFF}{Hypervariances for the Efftox model. In order, entries are hypervariances for (beta_{0,E},beta_{1,E},beta_{2,E},beta_{0,T},beta_{1,T},psi).} | ^ checkRd: (-1) GetEfftoxUt.Rd:49: Lost braces; missing escapes or markup? 49 | \item{HypervarsEFF}{Hypervariances for the Efftox model. In order, entries are hypervariances for (beta_{0,E},beta_{1,E},beta_{2,E},beta_{0,T},beta_{1,T},psi).} | ^ checkRd: (-1) GetEfftoxUt.Rd:49: Lost braces; missing escapes or markup? 49 | \item{HypervarsEFF}{Hypervariances for the Efftox model. In order, entries are hypervariances for (beta_{0,E},beta_{1,E},beta_{2,E},beta_{0,T},beta_{1,T},psi).} | ^ checkRd: (-1) GetEfftoxUt.Rd:49: Lost braces; missing escapes or markup? 49 | \item{HypervarsEFF}{Hypervariances for the Efftox model. In order, entries are hypervariances for (beta_{0,E},beta_{1,E},beta_{2,E},beta_{0,T},beta_{1,T},psi).} | ^ checkRd: (-1) GetEfftoxUt.Rd:49: Lost braces; missing escapes or markup? 49 | \item{HypervarsEFF}{Hypervariances for the Efftox model. In order, entries are hypervariances for (beta_{0,E},beta_{1,E},beta_{2,E},beta_{0,T},beta_{1,T},psi).} | ^ checkRd: (-1) GetSpsoContour.Rd:35: Lost braces; missing escapes or markup? 35 | \item{Contour}{Contour vector for desirability function. Contains in order: (pi_{1,E},pi_{2,T},pi_{3,E},pi_{4,T}).} | ^ checkRd: (-1) GetSpsoContour.Rd:35: Lost braces; missing escapes or markup? 35 | \item{Contour}{Contour vector for desirability function. Contains in order: (pi_{1,E},pi_{2,T},pi_{3,E},pi_{4,T}).} | ^ checkRd: (-1) GetSpsoContour.Rd:35: Lost braces; missing escapes or markup? 35 | \item{Contour}{Contour vector for desirability function. Contains in order: (pi_{1,E},pi_{2,T},pi_{3,E},pi_{4,T}).} | ^ checkRd: (-1) GetSpsoContour.Rd:35: Lost braces; missing escapes or markup? 35 | \item{Contour}{Contour vector for desirability function. Contains in order: (pi_{1,E},pi_{2,T},pi_{3,E},pi_{4,T}).} | ^ checkRd: (-1) SimEfftoxContour.Rd:39: Lost braces; missing escapes or markup? 39 | \item{Contour}{Contour vector for desirability function. Contains in order: (pi_{1,E},pi_{2,T},pi_{3,E},pi_{4,T}).} | ^ checkRd: (-1) SimEfftoxContour.Rd:39: Lost braces; missing escapes or markup? 39 | \item{Contour}{Contour vector for desirability function. Contains in order: (pi_{1,E},pi_{2,T},pi_{3,E},pi_{4,T}).} | ^ checkRd: (-1) SimEfftoxContour.Rd:39: Lost braces; missing escapes or markup? 39 | \item{Contour}{Contour vector for desirability function. Contains in order: (pi_{1,E},pi_{2,T},pi_{3,E},pi_{4,T}).} | ^ checkRd: (-1) SimEfftoxContour.Rd:39: Lost braces; missing escapes or markup? 39 | \item{Contour}{Contour vector for desirability function. Contains in order: (pi_{1,E},pi_{2,T},pi_{3,E},pi_{4,T}).} | ^ checkRd: (-1) SimEfftoxContour.Rd:49: Lost braces; missing escapes or markup? 49 | \item{HypermeansEFF}{Hypermeans for the Efftox model. In order, entries are hypermeans for (beta_{0,E},beta_{1,E},beta_{2,E},beta_{0,T},beta_{1,T},psi).} | ^ checkRd: (-1) SimEfftoxContour.Rd:49: Lost braces; missing escapes or markup? 49 | \item{HypermeansEFF}{Hypermeans for the Efftox model. In order, entries are hypermeans for (beta_{0,E},beta_{1,E},beta_{2,E},beta_{0,T},beta_{1,T},psi).} | ^ checkRd: (-1) SimEfftoxContour.Rd:49: Lost braces; missing escapes or markup? 49 | \item{HypermeansEFF}{Hypermeans for the Efftox model. In order, entries are hypermeans for (beta_{0,E},beta_{1,E},beta_{2,E},beta_{0,T},beta_{1,T},psi).} | ^ checkRd: (-1) SimEfftoxContour.Rd:49: Lost braces; missing escapes or markup? 49 | \item{HypermeansEFF}{Hypermeans for the Efftox model. In order, entries are hypermeans for (beta_{0,E},beta_{1,E},beta_{2,E},beta_{0,T},beta_{1,T},psi).} | ^ checkRd: (-1) SimEfftoxContour.Rd:49: Lost braces; missing escapes or markup? 49 | \item{HypermeansEFF}{Hypermeans for the Efftox model. In order, entries are hypermeans for (beta_{0,E},beta_{1,E},beta_{2,E},beta_{0,T},beta_{1,T},psi).} | ^ checkRd: (-1) SimEfftoxContour.Rd:51: Lost braces; missing escapes or markup? 51 | \item{HypervarsEFF}{Hypervariances for the Efftox model. In order, entries are hypervariances for (beta_{0,E},beta_{1,E},beta_{2,E},beta_{0,T},beta_{1,T},psi).} | ^ checkRd: (-1) SimEfftoxContour.Rd:51: Lost braces; missing escapes or markup? 51 | \item{HypervarsEFF}{Hypervariances for the Efftox model. In order, entries are hypervariances for (beta_{0,E},beta_{1,E},beta_{2,E},beta_{0,T},beta_{1,T},psi).} | ^ checkRd: (-1) SimEfftoxContour.Rd:51: Lost braces; missing escapes or markup? 51 | \item{HypervarsEFF}{Hypervariances for the Efftox model. In order, entries are hypervariances for (beta_{0,E},beta_{1,E},beta_{2,E},beta_{0,T},beta_{1,T},psi).} | ^ checkRd: (-1) SimEfftoxContour.Rd:51: Lost braces; missing escapes or markup? 51 | \item{HypervarsEFF}{Hypervariances for the Efftox model. In order, entries are hypervariances for (beta_{0,E},beta_{1,E},beta_{2,E},beta_{0,T},beta_{1,T},psi).} | ^ checkRd: (-1) SimEfftoxContour.Rd:51: Lost braces; missing escapes or markup? 51 | \item{HypervarsEFF}{Hypervariances for the Efftox model. In order, entries are hypervariances for (beta_{0,E},beta_{1,E},beta_{2,E},beta_{0,T},beta_{1,T},psi).} | ^ checkRd: (-1) SimEfftoxUt.Rd:49: Lost braces; missing escapes or markup? 49 | \item{HypermeansEFF}{Hypermeans for the Efftox model. In order, entries are hypermeans for (beta_{0,E},beta_{1,E},beta_{2,E},beta_{0,T},beta_{1,T},psi).} | ^ checkRd: (-1) SimEfftoxUt.Rd:49: Lost braces; missing escapes or markup? 49 | \item{HypermeansEFF}{Hypermeans for the Efftox model. In order, entries are hypermeans for (beta_{0,E},beta_{1,E},beta_{2,E},beta_{0,T},beta_{1,T},psi).} | ^ checkRd: (-1) SimEfftoxUt.Rd:49: Lost braces; missing escapes or markup? 49 | \item{HypermeansEFF}{Hypermeans for the Efftox model. In order, entries are hypermeans for (beta_{0,E},beta_{1,E},beta_{2,E},beta_{0,T},beta_{1,T},psi).} | ^ checkRd: (-1) SimEfftoxUt.Rd:49: Lost braces; missing escapes or markup? 49 | \item{HypermeansEFF}{Hypermeans for the Efftox model. In order, entries are hypermeans for (beta_{0,E},beta_{1,E},beta_{2,E},beta_{0,T},beta_{1,T},psi).} | ^ checkRd: (-1) SimEfftoxUt.Rd:49: Lost braces; missing escapes or markup? 49 | \item{HypermeansEFF}{Hypermeans for the Efftox model. In order, entries are hypermeans for (beta_{0,E},beta_{1,E},beta_{2,E},beta_{0,T},beta_{1,T},psi).} | ^ checkRd: (-1) SimEfftoxUt.Rd:51: Lost braces; missing escapes or markup? 51 | \item{HypervarsEFF}{Hypervariances for the Efftox model. In order, entries are hypervariances for (beta_{0,E},beta_{1,E},beta_{2,E},beta_{0,T},beta_{1,T},psi).} | ^ checkRd: (-1) SimEfftoxUt.Rd:51: Lost braces; missing escapes or markup? 51 | \item{HypervarsEFF}{Hypervariances for the Efftox model. In order, entries are hypervariances for (beta_{0,E},beta_{1,E},beta_{2,E},beta_{0,T},beta_{1,T},psi).} | ^ checkRd: (-1) SimEfftoxUt.Rd:51: Lost braces; missing escapes or markup? 51 | \item{HypervarsEFF}{Hypervariances for the Efftox model. In order, entries are hypervariances for (beta_{0,E},beta_{1,E},beta_{2,E},beta_{0,T},beta_{1,T},psi).} | ^ checkRd: (-1) SimEfftoxUt.Rd:51: Lost braces; missing escapes or markup? 51 | \item{HypervarsEFF}{Hypervariances for the Efftox model. In order, entries are hypervariances for (beta_{0,E},beta_{1,E},beta_{2,E},beta_{0,T},beta_{1,T},psi).} | ^ checkRd: (-1) SimEfftoxUt.Rd:51: Lost braces; missing escapes or markup? 51 | \item{HypervarsEFF}{Hypervariances for the Efftox model. In order, entries are hypervariances for (beta_{0,E},beta_{1,E},beta_{2,E},beta_{0,T},beta_{1,T},psi).} | ^ checkRd: (-1) SimSpsoContour.Rd:37: Lost braces; missing escapes or markup? 37 | \item{Contour}{Contour vector for desirability function. Contains in order: (pi_{1,E},pi_{2,T},pi_{3,E},pi_{4,T}).} | ^ checkRd: (-1) SimSpsoContour.Rd:37: Lost braces; missing escapes or markup? 37 | \item{Contour}{Contour vector for desirability function. Contains in order: (pi_{1,E},pi_{2,T},pi_{3,E},pi_{4,T}).} | ^ checkRd: (-1) SimSpsoContour.Rd:37: Lost braces; missing escapes or markup? 37 | \item{Contour}{Contour vector for desirability function. Contains in order: (pi_{1,E},pi_{2,T},pi_{3,E},pi_{4,T}).} | ^ checkRd: (-1) SimSpsoContour.Rd:37: Lost braces; missing escapes or markup? 37 | \item{Contour}{Contour vector for desirability function. Contains in order: (pi_{1,E},pi_{2,T},pi_{3,E},pi_{4,T}).} | ^ Flavors: r-devel-linux-x86_64-debian-clang, r-devel-linux-x86_64-debian-gcc, r-devel-linux-x86_64-fedora-clang, r-devel-linux-x86_64-fedora-gcc, r-prerel-macos-arm64, r-prerel-windows-x86_64, r-patched-linux-x86_64