CRAN Package Check Results for Package PoA

Last updated on 2021-12-04 11:52:44 CET.

Flavor Version Tinstall Tcheck Ttotal Status Flags
r-devel-linux-x86_64-debian-clang 1.2.1 3.29 48.81 52.10 NOTE
r-devel-linux-x86_64-debian-gcc 1.2.1 2.75 37.13 39.88 NOTE
r-devel-linux-x86_64-fedora-clang 1.2.1 68.39 NOTE
r-devel-linux-x86_64-fedora-gcc 1.2.1 51.92 NOTE
r-devel-windows-x86_64-new-UL 1.2.1 9.00 73.00 82.00 NOTE
r-devel-windows-x86_64-new-TK 1.2.1 NOTE
r-devel-windows-x86_64-old 1.2.1 8.00 43.00 51.00 NOTE
r-patched-linux-x86_64 1.2.1 3.06 37.30 40.36 NOTE
r-release-linux-x86_64 1.2.1 3.97 37.55 41.52 NOTE
r-release-macos-arm64 1.2.1 NOTE
r-release-macos-x86_64 1.2.1 NOTE
r-release-windows-ix86+x86_64 1.2.1 10.00 56.00 66.00 NOTE
r-oldrel-macos-x86_64 1.2.1 OK
r-oldrel-windows-ix86+x86_64 1.2.1 10.00 59.00 69.00 OK

Check Details

Version: 1.2.1
Check: LazyData
Result: NOTE
     'LazyData' is specified without a 'data' directory
Flavors: r-devel-linux-x86_64-debian-clang, r-devel-linux-x86_64-debian-gcc, r-devel-linux-x86_64-fedora-clang, r-devel-linux-x86_64-fedora-gcc, r-devel-windows-x86_64-new-UL, r-devel-windows-x86_64-new-TK, r-devel-windows-x86_64-old, r-patched-linux-x86_64, r-release-linux-x86_64, r-release-macos-arm64, r-release-macos-x86_64, r-release-windows-ix86+x86_64