Last updated on 2023-12-01 19:53:20 CET.
Flavor | Version | Tinstall | Tcheck | Ttotal | Status | Flags |
---|---|---|---|---|---|---|
r-devel-linux-x86_64-debian-clang | 1.3.1 | 44.50 | 430.04 | 474.54 | NOTE | |
r-devel-linux-x86_64-debian-gcc | 1.3.1 | 36.27 | 313.18 | 349.45 | NOTE | |
r-devel-linux-x86_64-fedora-clang | 1.3.1 | 637.15 | OK | |||
r-devel-linux-x86_64-fedora-gcc | 1.3.1 | 653.11 | OK | |||
r-devel-windows-x86_64 | 1.3.1 | 36.00 | 265.00 | 301.00 | NOTE | |
r-patched-linux-x86_64 | 1.3.1 | 39.79 | 403.86 | 443.65 | NOTE | |
r-release-linux-x86_64 | 1.3.1 | 31.26 | 404.81 | 436.07 | NOTE | |
r-release-macos-arm64 | 1.3.1 | 156.00 | NOTE | |||
r-release-macos-x86_64 | 1.3.1 | 306.00 | NOTE | |||
r-release-windows-x86_64 | 1.3.1 | 52.00 | 354.00 | 406.00 | NOTE | |
r-oldrel-macos-arm64 | 1.3.1 | 155.00 | NOTE | |||
r-oldrel-macos-x86_64 | 1.3.1 | 206.00 | NOTE | |||
r-oldrel-windows-x86_64 | 1.3.1 | 50.00 | 354.00 | 404.00 | NOTE |
Version: 1.3.1
Check: package dependencies
Result: NOTE
Package suggested but not available for checking: ‘INLA’
Flavors: r-devel-linux-x86_64-debian-clang, r-devel-linux-x86_64-debian-gcc, r-devel-windows-x86_64, r-patched-linux-x86_64, r-release-linux-x86_64, r-release-macos-arm64, r-release-macos-x86_64, r-release-windows-x86_64, r-oldrel-macos-arm64, r-oldrel-macos-x86_64, r-oldrel-windows-x86_64
Version: 1.3.1
Check: Rd cross-references
Result: NOTE
Package unavailable to check Rd xrefs: ‘INLA’
Flavors: r-devel-linux-x86_64-debian-clang, r-devel-linux-x86_64-debian-gcc, r-devel-windows-x86_64, r-patched-linux-x86_64, r-release-linux-x86_64, r-release-macos-arm64, r-release-macos-x86_64, r-release-windows-x86_64, r-oldrel-macos-arm64, r-oldrel-macos-x86_64, r-oldrel-windows-x86_64