CRAN Package Check Results for Package PracticalEquiDesign

Last updated on 2024-03-03 04:12:29 CET.

Flavor Version Tinstall Tcheck Ttotal Status Flags
r-devel-linux-x86_64-debian-clang 0.0.3 2.60 30.04 32.64 OK
r-devel-linux-x86_64-debian-gcc 0.0.3 1.90 23.47 25.37 OK
r-devel-linux-x86_64-fedora-clang 0.0.3 40.81 NOTE
r-devel-linux-x86_64-fedora-gcc 0.0.3 51.53 NOTE
r-devel-windows-x86_64 0.0.3 3.00 46.00 49.00 OK
r-patched-linux-x86_64 0.0.3 2.03 28.42 30.45 OK
r-release-linux-x86_64 0.0.3 1.80 28.53 30.33 OK
r-release-macos-arm64 0.0.3 26.00 OK
r-release-macos-x86_64 0.0.3 36.00 OK
r-release-windows-x86_64 0.0.3 4.00 46.00 50.00 OK
r-oldrel-macos-arm64 0.0.3 18.00 NOTE
r-oldrel-windows-x86_64 0.0.3 4.00 50.00 54.00 OK

Check Details

Version: 0.0.3
Check: dependencies in R code
Result: NOTE Namespaces in Imports field not imported from: ‘dplyr’ ‘methods’ ‘numDeriv’ ‘tidyr’ All declared Imports should be used. Flavors: r-devel-linux-x86_64-fedora-clang, r-devel-linux-x86_64-fedora-gcc, r-oldrel-macos-arm64