CRAN Package Check Results for Package PriorGen

Last updated on 2024-06-12 20:59:09 CEST.

Flavor Version Tinstall Tcheck Ttotal Status Flags
r-devel-linux-x86_64-debian-clang 2.0 3.23 42.34 45.57 NOTE
r-devel-linux-x86_64-debian-gcc 2.0 2.67 32.27 34.94 ERROR
r-devel-linux-x86_64-fedora-clang 2.0 61.27 NOTE
r-devel-linux-x86_64-fedora-gcc 2.0 70.05 NOTE
r-devel-windows-x86_64 2.0 4.00 58.00 62.00 NOTE
r-patched-linux-x86_64 2.0 3.74 40.64 44.38 NOTE
r-release-linux-x86_64 2.0 3.57 41.80 45.37 NOTE
r-release-macos-arm64 2.0 27.00 NOTE
r-release-macos-x86_64 2.0 41.00 NOTE
r-release-windows-x86_64 2.0 3.00 54.00 57.00 NOTE
r-oldrel-macos-arm64 2.0 25.00 OK
r-oldrel-macos-x86_64 2.0 44.00 OK
r-oldrel-windows-x86_64 2.0 5.00 55.00 60.00 OK

Check Details

Version: 2.0
Check: Rd files
Result: NOTE checkRd: (-1) findbeta.Rd:20: Lost braces; missing escapes or markup? 20 | \item{lower.v}{logical, if TRUE the specified percentile.value is the upper limit for the mean (or the median or the mode) at the specified confidence level (percentile). If {FALSE} the specified percentile.value is the lower limit for the mean (or the median or the mode) at the specified confidence level (percentile). The default is FALSE.} | ^ Flavors: r-devel-linux-x86_64-debian-clang, r-devel-linux-x86_64-debian-gcc, r-devel-linux-x86_64-fedora-clang, r-devel-linux-x86_64-fedora-gcc, r-devel-windows-x86_64, r-patched-linux-x86_64, r-release-linux-x86_64, r-release-macos-arm64, r-release-macos-x86_64, r-release-windows-x86_64

Version: 2.0
Check: package dependencies
Result: NOTE Package suggested but not available for checking: ‘testthat’ Flavor: r-devel-linux-x86_64-debian-gcc

Version: 2.0
Check: tests
Result: ERROR Running ‘spelling.R’ [0s/1s] Running ‘testthat.R’ [0s/1s] Running the tests in ‘tests/testthat.R’ failed. Complete output: > library(testthat) Error in library(testthat) : there is no package called 'testthat' Execution halted Flavor: r-devel-linux-x86_64-debian-gcc