Last updated on 2023-03-29 00:57:16 CEST.
Flavor | Version | Tinstall | Tcheck | Ttotal | Status | Flags |
---|---|---|---|---|---|---|
r-devel-linux-x86_64-debian-clang | 1.14.1 | 75.16 | 113.98 | 189.14 | NOTE | |
r-devel-linux-x86_64-debian-gcc | 1.14.1 | 58.32 | 85.42 | 143.74 | NOTE | |
r-devel-linux-x86_64-fedora-clang | 1.14.1 | 263.02 | NOTE | |||
r-devel-linux-x86_64-fedora-gcc | 1.14.1 | 254.11 | NOTE | |||
r-devel-windows-x86_64 | 1.14.1 | 102.00 | 189.00 | 291.00 | NOTE | |
r-patched-linux-x86_64 | 1.14.1 | 66.91 | 108.12 | 175.03 | NOTE | |
r-release-linux-x86_64 | 1.14.1 | 59.84 | 104.27 | 164.11 | NOTE | |
r-release-macos-arm64 | 1.14.1 | 60.00 | NOTE | |||
r-release-macos-x86_64 | 1.14.1 | 85.00 | NOTE | |||
r-release-windows-x86_64 | 1.14.1 | 111.00 | 191.00 | 302.00 | NOTE | |
r-oldrel-macos-arm64 | 1.14.1 | 123.00 | NOTE | |||
r-oldrel-macos-x86_64 | 1.14.1 | 136.00 | NOTE | |||
r-oldrel-windows-ix86+x86_64 | 1.14.1 | 167.00 | 169.00 | 336.00 | NOTE |
Version: 1.14.1
Check: package dependencies
Result: NOTE
Package suggested but not available for checking: ‘ProFit’
Flavors: r-devel-linux-x86_64-debian-clang, r-devel-linux-x86_64-debian-gcc, r-devel-linux-x86_64-fedora-clang, r-devel-linux-x86_64-fedora-gcc, r-patched-linux-x86_64, r-release-linux-x86_64
Version: 1.14.1
Check: C++ specification
Result: NOTE
Specified C++11: please drop specification unless essential
Flavors: r-devel-linux-x86_64-debian-clang, r-devel-linux-x86_64-debian-gcc, r-devel-linux-x86_64-fedora-clang, r-devel-linux-x86_64-fedora-gcc, r-devel-windows-x86_64, r-patched-linux-x86_64
Version: 1.14.1
Check: installed package size
Result: NOTE
installed size is 5.1Mb
sub-directories of 1Mb or more:
data 1.7Mb
extdata 1.2Mb
libs 1.2Mb
Flavors: r-devel-windows-x86_64, r-release-macos-arm64, r-release-macos-x86_64, r-release-windows-x86_64, r-oldrel-macos-arm64, r-oldrel-macos-x86_64, r-oldrel-windows-ix86+x86_64
Version: 1.14.1
Check: package dependencies
Result: NOTE
Package suggested but not available for checking: ‘EBImage’
Flavors: r-release-macos-arm64, r-oldrel-macos-arm64